{"id":138,"date":"2024-08-14T18:53:40","date_gmt":"2024-08-14T18:53:40","guid":{"rendered":"https:\/\/stald-hauge.dk\/?page_id=138"},"modified":"2024-12-30T00:00:18","modified_gmt":"2024-12-30T00:00:18","slug":"2016-hauges-showtime","status":"publish","type":"page","link":"http:\/\/stald-hauge.dk\/index.php\/heste\/foel\/2016-hauges-showtime\/","title":{"rendered":"2016 &#8211; Hauge\u00b4s Showtime"},"content":{"rendered":"\n<div class=\"wp-block-group\"><div class=\"wp-block-group__inner-container is-layout-constrained wp-block-group-is-layout-constrained\">\n<div id=\"toolbar-5266232c-2ceb-4513-8df0-9480ba9c76af\" class=\"block-library-classic__toolbar has-advanced-toolbar\" data-placeholder=\"Classic\">\n<div id=\"mceu_51\" class=\"mce-tinymce mce-tinymce-inline mce-container mce-panel\" style=\"border-width: 1px; left: 0px; top: 0px; width: 0px; height: 0px;\" tabindex=\"-1\" role=\"application\">\n<div id=\"mceu_51-body\" class=\"mce-container-body mce-abs-layout\" style=\"width: 0px; height: 0px;\">\n<div id=\"mceu_52\" class=\"mce-toolbar-grp mce-container mce-panel mce-abs-layout-item mce-first mce-last\" style=\"left: 0px; top: 0px; width: 0px; height: 0px;\" tabindex=\"-1\" role=\"group\">\n<div id=\"mceu_52-body\" class=\"mce-container-body mce-stack-layout\" style=\"width: 0px; height: 0px;\">\n<div id=\"mceu_53\" class=\"mce-container mce-toolbar mce-stack-layout-item mce-first\" role=\"toolbar\">\n<div id=\"mceu_53-body\" class=\"mce-container-body mce-flow-layout\">\n<div id=\"mceu_54\" class=\"mce-container mce-flow-layout-item mce-first mce-last mce-btn-group\" role=\"group\">\n<div id=\"mceu_54-body\">\n<div id=\"mceu_30\" class=\"mce-widget mce-btn\" tabindex=\"-1\" role=\"button\" aria-pressed=\"false\" aria-label=\"Numbered list (Shift+Alt+O)\">\u00a0<\/div>\n<div id=\"mceu_31\" class=\"mce-widget mce-btn\" tabindex=\"-1\" role=\"button\" aria-pressed=\"false\" aria-label=\"Blockquote (Shift+Alt+Q)\">\u00a0<\/div>\n<div id=\"mceu_32\" class=\"mce-widget mce-btn\" tabindex=\"-1\" role=\"button\" aria-pressed=\"false\" aria-label=\"Align left (Shift+Alt+L)\">\u00a0<\/div>\n<div id=\"mceu_33\" class=\"mce-widget mce-btn mce-active\" tabindex=\"-1\" role=\"button\" aria-pressed=\"true\" aria-label=\"Align center (Shift+Alt+C)\">\u00a0<\/div>\n<div id=\"mceu_34\" class=\"mce-widget mce-btn\" tabindex=\"-1\" role=\"button\" aria-pressed=\"false\" aria-label=\"Align right (Shift+Alt+R)\">\u00a0<\/div>\n<div id=\"mceu_35\" class=\"mce-widget mce-btn mce-active\" tabindex=\"-1\" role=\"button\" aria-pressed=\"true\" aria-label=\"Insert\/edit link (Ctrl+K)\">\u00a0<\/div>\n<div id=\"mceu_36\" class=\"mce-widget mce-btn\" tabindex=\"-1\" role=\"button\" aria-label=\"Remove link (Shift+Alt+S)\">\u00a0<\/div>\n<div id=\"mceu_37\" class=\"mce-widget mce-btn\" tabindex=\"-1\" role=\"button\" aria-label=\"Insert Read More tag (Shift+Alt+T)\">\u00a0<\/div>\n<div id=\"mceu_38\" class=\"mce-widget mce-btn\" tabindex=\"-1\" role=\"button\" aria-label=\"Add Media (Shift+Alt+M)\">\u00a0<\/div>\n<div id=\"mceu_39\" class=\"mce-widget mce-btn mce-last mce-active\" tabindex=\"-1\" role=\"button\" aria-label=\"Toolbar Toggle (Shift+Alt+Z)\" aria-pressed=\"true\">\u00a0<\/div>\n<\/div>\n<\/div>\n<\/div>\n<\/div>\n<div id=\"mceu_55\" class=\"mce-container mce-toolbar mce-stack-layout-item mce-last\" role=\"toolbar\">\n<div id=\"mceu_55-body\" class=\"mce-container-body mce-flow-layout\">\n<div id=\"mceu_56\" class=\"mce-container mce-flow-layout-item mce-first mce-last mce-btn-group\" role=\"group\">\n<div id=\"mceu_56-body\">\n<div id=\"mceu_40\" class=\"mce-widget mce-btn mce-first\" tabindex=\"-1\" role=\"button\" aria-pressed=\"false\" aria-label=\"Strikethrough (Shift+Alt+D)\">\u00a0<\/div>\n<div id=\"mceu_41\" class=\"mce-widget mce-btn\" tabindex=\"-1\" role=\"button\" aria-label=\"Horizontal line\">\u00a0<\/div>\n<div id=\"mceu_42\" class=\"mce-widget mce-btn mce-splitbtn mce-colorbutton\" tabindex=\"-1\" role=\"button\" aria-haspopup=\"true\" aria-label=\"Text color\">\u00a0<\/div>\n<div id=\"mceu_43\" class=\"mce-widget mce-btn\" tabindex=\"-1\" role=\"button\" aria-pressed=\"false\" aria-label=\"Paste as text\">\u00a0<\/div>\n<div id=\"mceu_44\" class=\"mce-widget mce-btn\" tabindex=\"-1\" role=\"button\" aria-label=\"Clear formatting\">\u00a0<\/div>\n<div id=\"mceu_45\" class=\"mce-widget mce-btn\" tabindex=\"-1\" role=\"button\" aria-label=\"Special character\">\u00a0<\/div>\n<div id=\"mceu_46\" class=\"mce-widget mce-btn\" tabindex=\"-1\" role=\"button\" aria-label=\"Decrease indent\">\u00a0<\/div>\n<div id=\"mceu_47\" class=\"mce-widget mce-btn\" tabindex=\"-1\" role=\"button\" aria-label=\"Increase indent\">\u00a0<\/div>\n<div id=\"mceu_48\" class=\"mce-widget mce-btn mce-disabled\" tabindex=\"-1\" role=\"button\" aria-label=\"Undo (Ctrl+Z)\" aria-disabled=\"true\">\u00a0<\/div>\n<div id=\"mceu_49\" class=\"mce-widget mce-btn mce-disabled\" tabindex=\"-1\" role=\"button\" aria-label=\"Redo (Ctrl+Y)\" aria-disabled=\"true\">\u00a0<\/div>\n<div id=\"mceu_50\" class=\"mce-widget mce-btn mce-last\" tabindex=\"-1\" role=\"button\" aria-label=\"Keyboard Shortcuts (Shift+Alt+H)\">\u00a0<\/div>\n<\/div>\n<\/div>\n<\/div>\n<\/div>\n<\/div>\n<\/div>\n<\/div>\n<\/div>\n<\/div>\n<div id=\"editor-5266232c-2ceb-4513-8df0-9480ba9c76af\" class=\"wp-block-freeform block-library-rich-text__tinymce mce-content-body html5-captions mce-edit-focus\" style=\"position: relative;\" contenteditable=\"true\">\n<p style=\"text-align: center;\"><strong>Hauge\u00b4s\u00a0Showtime<\/strong><\/p>\n<p style=\"text-align: center;\"><img loading=\"lazy\" decoding=\"async\" class=\"alignnone size-large wp-image-3181\" src=\"http:\/\/stald-hauge.dk\/wp-content\/uploads\/2024\/12\/Showtime-700x466.jpg\" alt=\"\" width=\"640\" height=\"426\" srcset=\"http:\/\/stald-hauge.dk\/wp-content\/uploads\/2024\/12\/Showtime-700x466.jpg 700w, http:\/\/stald-hauge.dk\/wp-content\/uploads\/2024\/12\/Showtime-300x200.jpg 300w, http:\/\/stald-hauge.dk\/wp-content\/uploads\/2024\/12\/Showtime.jpg 768w\" sizes=\"auto, (max-width: 640px) 100vw, 640px\" \/><\/p>\n<p style=\"text-align: center;\">F\u00f8dt: 25.04.2016<\/p>\n<p style=\"text-align: center;\">Farve: smokey cream\/silver smokey cream\/silver smokey black? tobiano<\/p>\n<p style=\"text-align: center;\">Mor: Jeanne d\u00b4Arc van Gipsy Dreams (buckskin)<\/p>\n<p style=\"text-align: center;\">Far: Nydal\u00b4s Eyes Cream Toby<\/p>\n<p style=\"text-align: center;\">* \u00a0 * \u00a0 * \u00a0 * \u00a0 * \u00a0 * \u00a0 *<\/p>\n<p style=\"text-align: center;\">Hauge\u00b4s Showtime blev kun 10 dage gammel. Da vi k\u00f8rte hjemmefra om eftermiddagen kl. 15 var han frisk<\/p>\n<p style=\"text-align: center;\">og da vi kom hjem igen kl. 21 l\u00e5 han d\u00f8d ude p\u00e5 folden. Vi ved ikke, hvad han d\u00f8de af, om det har v\u00e6ret<\/p>\n<p style=\"text-align: center;\">en hjertefejl eller hvad \u00e5rsagen havde v\u00e6ret. Han ville ellers have v\u00e6ret sjov at f\u00f8lge.<\/p>\n<p style=\"text-align: center;\">* \u00a0 * \u00a0 * \u00a0 * \u00a0 * \u00a0 * \u00a0 *<\/p>\n<p style=\"text-align: center;\">Hauge\u00b4s Showtime died only 10 days old. We don\u00b4t know the reason &#8211; maybe something with hos heart.<\/p>\n<p style=\"text-align: center;\">* \u00a0 * \u00a0 * \u00a0 * \u00a0 * \u00a0 * \u00a0 *<\/p>\n<p style=\"text-align: center;\"><img loading=\"lazy\" decoding=\"async\" class=\"alignnone size-large wp-image-3182\" src=\"http:\/\/stald-hauge.dk\/wp-content\/uploads\/2024\/12\/Showtime1-700x466.jpg\" alt=\"\" width=\"640\" height=\"426\" srcset=\"http:\/\/stald-hauge.dk\/wp-content\/uploads\/2024\/12\/Showtime1-700x466.jpg 700w, http:\/\/stald-hauge.dk\/wp-content\/uploads\/2024\/12\/Showtime1-300x200.jpg 300w, http:\/\/stald-hauge.dk\/wp-content\/uploads\/2024\/12\/Showtime1.jpg 768w\" sizes=\"auto, (max-width: 640px) 100vw, 640px\" \/> <img loading=\"lazy\" decoding=\"async\" class=\"alignnone size-large wp-image-3183\" src=\"http:\/\/stald-hauge.dk\/wp-content\/uploads\/2024\/12\/Showtime2-700x466.jpg\" alt=\"\" width=\"640\" height=\"426\" srcset=\"http:\/\/stald-hauge.dk\/wp-content\/uploads\/2024\/12\/Showtime2-700x466.jpg 700w, http:\/\/stald-hauge.dk\/wp-content\/uploads\/2024\/12\/Showtime2-300x200.jpg 300w, http:\/\/stald-hauge.dk\/wp-content\/uploads\/2024\/12\/Showtime2.jpg 768w\" sizes=\"auto, (max-width: 640px) 100vw, 640px\" \/> <img loading=\"lazy\" decoding=\"async\" class=\"alignnone size-large wp-image-3184\" src=\"http:\/\/stald-hauge.dk\/wp-content\/uploads\/2024\/12\/Showtime3-700x466.jpg\" alt=\"\" width=\"640\" height=\"426\" srcset=\"http:\/\/stald-hauge.dk\/wp-content\/uploads\/2024\/12\/Showtime3-700x466.jpg 700w, http:\/\/stald-hauge.dk\/wp-content\/uploads\/2024\/12\/Showtime3-300x200.jpg 300w, http:\/\/stald-hauge.dk\/wp-content\/uploads\/2024\/12\/Showtime3.jpg 768w\" sizes=\"auto, (max-width: 640px) 100vw, 640px\" \/> <img loading=\"lazy\" decoding=\"async\" class=\"alignnone size-large wp-image-3185\" src=\"http:\/\/stald-hauge.dk\/wp-content\/uploads\/2024\/12\/Showtime4-700x466.jpg\" alt=\"\" width=\"640\" height=\"426\" srcset=\"http:\/\/stald-hauge.dk\/wp-content\/uploads\/2024\/12\/Showtime4-700x466.jpg 700w, http:\/\/stald-hauge.dk\/wp-content\/uploads\/2024\/12\/Showtime4-300x200.jpg 300w, http:\/\/stald-hauge.dk\/wp-content\/uploads\/2024\/12\/Showtime4.jpg 768w\" sizes=\"auto, (max-width: 640px) 100vw, 640px\" \/> <img loading=\"lazy\" decoding=\"async\" class=\"alignnone size-large wp-image-3186\" src=\"http:\/\/stald-hauge.dk\/wp-content\/uploads\/2024\/12\/Showtime5-700x466.jpg\" alt=\"\" width=\"640\" height=\"426\" srcset=\"http:\/\/stald-hauge.dk\/wp-content\/uploads\/2024\/12\/Showtime5-700x466.jpg 700w, http:\/\/stald-hauge.dk\/wp-content\/uploads\/2024\/12\/Showtime5-300x200.jpg 300w, http:\/\/stald-hauge.dk\/wp-content\/uploads\/2024\/12\/Showtime5.jpg 768w\" sizes=\"auto, (max-width: 640px) 100vw, 640px\" \/> <img loading=\"lazy\" decoding=\"async\" class=\"alignnone size-full wp-image-3187\" src=\"http:\/\/stald-hauge.dk\/wp-content\/uploads\/2024\/12\/Showtime6.jpg\" alt=\"\" width=\"300\" height=\"200\" \/> <img loading=\"lazy\" decoding=\"async\" class=\"alignnone size-full wp-image-3188\" src=\"http:\/\/stald-hauge.dk\/wp-content\/uploads\/2024\/12\/Showtime7.jpg\" alt=\"\" width=\"300\" height=\"200\" \/> <img loading=\"lazy\" decoding=\"async\" class=\"alignnone size-full wp-image-3189\" src=\"http:\/\/stald-hauge.dk\/wp-content\/uploads\/2024\/12\/Showtime8.jpg\" alt=\"\" width=\"300\" height=\"200\" \/> <img loading=\"lazy\" decoding=\"async\" class=\"alignnone size-full wp-image-3190\" src=\"http:\/\/stald-hauge.dk\/wp-content\/uploads\/2024\/12\/Showtime9.jpg\" alt=\"\" width=\"300\" height=\"200\" \/> <img loading=\"lazy\" decoding=\"async\" class=\"alignnone size-full wp-image-3191\" src=\"http:\/\/stald-hauge.dk\/wp-content\/uploads\/2024\/12\/Showtime10.jpg\" alt=\"\" width=\"300\" height=\"200\" \/> <img loading=\"lazy\" decoding=\"async\" class=\"alignnone size-full wp-image-3192\" src=\"http:\/\/stald-hauge.dk\/wp-content\/uploads\/2024\/12\/Showtime11.jpg\" alt=\"\" width=\"300\" height=\"200\" \/> <img loading=\"lazy\" decoding=\"async\" class=\"alignnone size-full wp-image-3193\" src=\"http:\/\/stald-hauge.dk\/wp-content\/uploads\/2024\/12\/Showtime12.jpg\" alt=\"\" width=\"300\" height=\"200\" \/> <img loading=\"lazy\" decoding=\"async\" class=\"alignnone size-full wp-image-3194\" src=\"http:\/\/stald-hauge.dk\/wp-content\/uploads\/2024\/12\/Showtime13.jpg\" alt=\"\" width=\"300\" height=\"200\" \/> <img loading=\"lazy\" decoding=\"async\" class=\"alignnone size-full wp-image-3195\" src=\"http:\/\/stald-hauge.dk\/wp-content\/uploads\/2024\/12\/Showtime14.jpg\" alt=\"\" width=\"300\" height=\"200\" \/> <img loading=\"lazy\" decoding=\"async\" class=\"alignnone size-full wp-image-3196\" src=\"http:\/\/stald-hauge.dk\/wp-content\/uploads\/2024\/12\/Showtime15.jpg\" alt=\"\" width=\"300\" height=\"200\" \/> <img loading=\"lazy\" decoding=\"async\" class=\"alignnone size-full wp-image-3200\" src=\"http:\/\/stald-hauge.dk\/wp-content\/uploads\/2024\/12\/Showtime19.jpg\" alt=\"\" width=\"300\" height=\"200\" \/> <img loading=\"lazy\" decoding=\"async\" class=\"alignnone size-full wp-image-3197\" src=\"http:\/\/stald-hauge.dk\/wp-content\/uploads\/2024\/12\/Showtime16.jpg\" alt=\"\" width=\"300\" height=\"200\" \/> <img loading=\"lazy\" decoding=\"async\" class=\"alignnone size-full wp-image-3198\" src=\"http:\/\/stald-hauge.dk\/wp-content\/uploads\/2024\/12\/Showtime17.jpg\" alt=\"\" width=\"300\" height=\"200\" \/> <img loading=\"lazy\" decoding=\"async\" class=\"alignnone size-full wp-image-3199\" src=\"http:\/\/stald-hauge.dk\/wp-content\/uploads\/2024\/12\/Showtime18.jpg\" alt=\"\" width=\"300\" height=\"200\" \/> <img loading=\"lazy\" decoding=\"async\" class=\"alignnone size-full wp-image-3201\" src=\"http:\/\/stald-hauge.dk\/wp-content\/uploads\/2024\/12\/Showtime20.jpg\" alt=\"\" width=\"300\" height=\"200\" \/> <img loading=\"lazy\" decoding=\"async\" class=\"alignnone size-full wp-image-3202\" src=\"http:\/\/stald-hauge.dk\/wp-content\/uploads\/2024\/12\/Showtime21.jpg\" alt=\"\" width=\"300\" height=\"200\" \/> <img loading=\"lazy\" decoding=\"async\" class=\"alignnone size-full wp-image-3203\" src=\"http:\/\/stald-hauge.dk\/wp-content\/uploads\/2024\/12\/Showtime22.jpg\" alt=\"\" width=\"300\" height=\"200\" \/> <img loading=\"lazy\" decoding=\"async\" class=\"alignnone size-full wp-image-3204\" src=\"http:\/\/stald-hauge.dk\/wp-content\/uploads\/2024\/12\/Showtime23.jpg\" alt=\"\" width=\"300\" height=\"200\" \/> <img loading=\"lazy\" decoding=\"async\" class=\"alignnone size-full wp-image-3205\" src=\"http:\/\/stald-hauge.dk\/wp-content\/uploads\/2024\/12\/Showtime24.jpg\" alt=\"\" width=\"300\" height=\"200\" \/> <img loading=\"lazy\" decoding=\"async\" class=\"alignnone size-full wp-image-3206\" src=\"http:\/\/stald-hauge.dk\/wp-content\/uploads\/2024\/12\/Showtime25.jpg\" alt=\"\" width=\"300\" height=\"200\" \/> <img loading=\"lazy\" decoding=\"async\" class=\"alignnone size-full wp-image-3207\" src=\"http:\/\/stald-hauge.dk\/wp-content\/uploads\/2024\/12\/Showtime26.jpg\" alt=\"\" width=\"300\" height=\"200\" \/> <img loading=\"lazy\" decoding=\"async\" class=\"alignnone size-full wp-image-3208\" src=\"http:\/\/stald-hauge.dk\/wp-content\/uploads\/2024\/12\/Showtime27.jpg\" alt=\"\" width=\"300\" height=\"200\" \/><\/p>\n<p style=\"text-align: center;\">Toby:<\/p>\n<p style=\"text-align: center;\"><img loading=\"lazy\" decoding=\"async\" class=\"alignnone size-full wp-image-3252\" src=\"http:\/\/stald-hauge.dk\/wp-content\/uploads\/2024\/12\/Toby1.jpg\" alt=\"\" width=\"300\" height=\"200\" \/> <img loading=\"lazy\" decoding=\"async\" class=\"alignnone size-full wp-image-3251\" src=\"http:\/\/stald-hauge.dk\/wp-content\/uploads\/2024\/12\/Toby.jpg\" alt=\"\" width=\"300\" height=\"200\" \/> <img loading=\"lazy\" decoding=\"async\" class=\"alignnone size-full wp-image-3253\" src=\"http:\/\/stald-hauge.dk\/wp-content\/uploads\/2024\/12\/Toby2.jpg\" alt=\"\" width=\"300\" height=\"200\" \/><\/p>\n<p style=\"text-align: center;\">(f\u00f8dt i 2013 &#8211; p\u00e5 billederne er han kun 2 \u00e5r og mangler derfor meget fylde):<\/p>\n<\/div>\n<\/div><\/div>\n","protected":false},"excerpt":{"rendered":"<p>\u00a0 \u00a0 \u00a0 \u00a0 \u00a0 \u00a0 \u00a0 \u00a0 \u00a0 \u00a0 \u00a0 \u00a0 \u00a0 \u00a0 \u00a0 \u00a0 \u00a0 \u00a0 \u00a0 \u00a0 \u00a0 Hauge\u00b4s\u00a0Showtime F\u00f8dt: 25.04.2016 Farve: smokey cream\/silver smokey cream\/silver smokey black? tobiano Mor: Jeanne d\u00b4Arc van Gipsy Dreams (buckskin) Far: &hellip; <a href=\"http:\/\/stald-hauge.dk\/index.php\/heste\/foel\/2016-hauges-showtime\/\">L\u00e6s resten <span class=\"meta-nav\">&rarr;<\/span><\/a><\/p>\n","protected":false},"author":1,"featured_media":0,"parent":102,"menu_order":0,"comment_status":"closed","ping_status":"closed","template":"onecolumn-page.php","meta":{"footnotes":""},"class_list":["post-138","page","type-page","status-publish","hentry"],"yoast_head":"<!-- This site is optimized with the Yoast SEO plugin v25.3.1 - https:\/\/yoast.com\/wordpress\/plugins\/seo\/ -->\n<title>2016 - Hauge\u00b4s Showtime - Stald Hauge<\/title>\n<meta name=\"robots\" content=\"index, follow, max-snippet:-1, max-image-preview:large, max-video-preview:-1\" \/>\n<link rel=\"canonical\" href=\"https:\/\/stald-hauge.dk\/index.php\/heste\/foel\/2016-hauges-showtime\/\" \/>\n<meta property=\"og:locale\" content=\"da_DK\" \/>\n<meta property=\"og:type\" content=\"article\" \/>\n<meta property=\"og:title\" content=\"2016 - Hauge\u00b4s Showtime - Stald Hauge\" \/>\n<meta property=\"og:description\" content=\"\u00a0 \u00a0 \u00a0 \u00a0 \u00a0 \u00a0 \u00a0 \u00a0 \u00a0 \u00a0 \u00a0 \u00a0 \u00a0 \u00a0 \u00a0 \u00a0 \u00a0 \u00a0 \u00a0 \u00a0 \u00a0 Hauge\u00b4s\u00a0Showtime F\u00f8dt: 25.04.2016 Farve: smokey cream\/silver smokey cream\/silver smokey black? tobiano Mor: Jeanne d\u00b4Arc van Gipsy Dreams (buckskin) Far: &hellip; L\u00e6s resten &rarr;\" \/>\n<meta property=\"og:url\" content=\"https:\/\/stald-hauge.dk\/index.php\/heste\/foel\/2016-hauges-showtime\/\" \/>\n<meta property=\"og:site_name\" content=\"Stald Hauge\" \/>\n<meta property=\"article:publisher\" content=\"https:\/\/www.facebook.com\/lisehauge\/\" \/>\n<meta property=\"article:modified_time\" content=\"2024-12-30T00:00:18+00:00\" \/>\n<meta property=\"og:image\" content=\"http:\/\/stald-hauge.dk\/wp-content\/uploads\/2024\/12\/Showtime-700x466.jpg\" \/>\n<meta name=\"twitter:card\" content=\"summary_large_image\" \/>\n<meta name=\"twitter:label1\" content=\"Estimeret l\u00e6setid\" \/>\n\t<meta name=\"twitter:data1\" content=\"1 minut\" \/>\n<script type=\"application\/ld+json\" class=\"yoast-schema-graph\">{\"@context\":\"https:\/\/schema.org\",\"@graph\":[{\"@type\":\"WebPage\",\"@id\":\"https:\/\/stald-hauge.dk\/index.php\/heste\/foel\/2016-hauges-showtime\/\",\"url\":\"https:\/\/stald-hauge.dk\/index.php\/heste\/foel\/2016-hauges-showtime\/\",\"name\":\"2016 - Hauge\u00b4s Showtime - Stald Hauge\",\"isPartOf\":{\"@id\":\"https:\/\/stald-hauge.dk\/#website\"},\"primaryImageOfPage\":{\"@id\":\"https:\/\/stald-hauge.dk\/index.php\/heste\/foel\/2016-hauges-showtime\/#primaryimage\"},\"image\":{\"@id\":\"https:\/\/stald-hauge.dk\/index.php\/heste\/foel\/2016-hauges-showtime\/#primaryimage\"},\"thumbnailUrl\":\"http:\/\/stald-hauge.dk\/wp-content\/uploads\/2024\/12\/Showtime-700x466.jpg\",\"datePublished\":\"2024-08-14T18:53:40+00:00\",\"dateModified\":\"2024-12-30T00:00:18+00:00\",\"breadcrumb\":{\"@id\":\"https:\/\/stald-hauge.dk\/index.php\/heste\/foel\/2016-hauges-showtime\/#breadcrumb\"},\"inLanguage\":\"da-DK\",\"potentialAction\":[{\"@type\":\"ReadAction\",\"target\":[\"https:\/\/stald-hauge.dk\/index.php\/heste\/foel\/2016-hauges-showtime\/\"]}]},{\"@type\":\"ImageObject\",\"inLanguage\":\"da-DK\",\"@id\":\"https:\/\/stald-hauge.dk\/index.php\/heste\/foel\/2016-hauges-showtime\/#primaryimage\",\"url\":\"http:\/\/stald-hauge.dk\/wp-content\/uploads\/2024\/12\/Showtime.jpg\",\"contentUrl\":\"http:\/\/stald-hauge.dk\/wp-content\/uploads\/2024\/12\/Showtime.jpg\",\"width\":768,\"height\":511},{\"@type\":\"BreadcrumbList\",\"@id\":\"https:\/\/stald-hauge.dk\/index.php\/heste\/foel\/2016-hauges-showtime\/#breadcrumb\",\"itemListElement\":[{\"@type\":\"ListItem\",\"position\":1,\"name\":\"Hjem\",\"item\":\"https:\/\/stald-hauge.dk\/\"},{\"@type\":\"ListItem\",\"position\":2,\"name\":\"Heste\",\"item\":\"http:\/\/stald-hauge.dk\/index.php\/heste\/\"},{\"@type\":\"ListItem\",\"position\":3,\"name\":\"F\u00f8l\",\"item\":\"http:\/\/stald-hauge.dk\/index.php\/heste\/foel\/\"},{\"@type\":\"ListItem\",\"position\":4,\"name\":\"2016 &#8211; Hauge\u00b4s Showtime\"}]},{\"@type\":\"WebSite\",\"@id\":\"https:\/\/stald-hauge.dk\/#website\",\"url\":\"https:\/\/stald-hauge.dk\/\",\"name\":\"Stald Hauge\",\"description\":\"v\/Lise Hauge S\u00f8rensen\",\"publisher\":{\"@id\":\"https:\/\/stald-hauge.dk\/#\/schema\/person\/5e9342de63bcc5037d653908c024bc01\"},\"potentialAction\":[{\"@type\":\"SearchAction\",\"target\":{\"@type\":\"EntryPoint\",\"urlTemplate\":\"https:\/\/stald-hauge.dk\/?s={search_term_string}\"},\"query-input\":{\"@type\":\"PropertyValueSpecification\",\"valueRequired\":true,\"valueName\":\"search_term_string\"}}],\"inLanguage\":\"da-DK\"},{\"@type\":[\"Person\",\"Organization\"],\"@id\":\"https:\/\/stald-hauge.dk\/#\/schema\/person\/5e9342de63bcc5037d653908c024bc01\",\"name\":\"admin\",\"image\":{\"@type\":\"ImageObject\",\"inLanguage\":\"da-DK\",\"@id\":\"https:\/\/stald-hauge.dk\/#\/schema\/person\/image\/\",\"url\":\"https:\/\/secure.gravatar.com\/avatar\/cb52025513d5b4d5bf079f09f5aae21c223852877c5a747e37ab431711bb309d?s=96&d=mm&r=g\",\"contentUrl\":\"https:\/\/secure.gravatar.com\/avatar\/cb52025513d5b4d5bf079f09f5aae21c223852877c5a747e37ab431711bb309d?s=96&d=mm&r=g\",\"caption\":\"admin\"},\"logo\":{\"@id\":\"https:\/\/stald-hauge.dk\/#\/schema\/person\/image\/\"},\"sameAs\":[\"http:\/\/stald-hauge.dk\",\"https:\/\/www.facebook.com\/lisehauge\/\"]}]}<\/script>\n<!-- \/ Yoast SEO plugin. -->","yoast_head_json":{"title":"2016 - Hauge\u00b4s Showtime - Stald Hauge","robots":{"index":"index","follow":"follow","max-snippet":"max-snippet:-1","max-image-preview":"max-image-preview:large","max-video-preview":"max-video-preview:-1"},"canonical":"https:\/\/stald-hauge.dk\/index.php\/heste\/foel\/2016-hauges-showtime\/","og_locale":"da_DK","og_type":"article","og_title":"2016 - Hauge\u00b4s Showtime - Stald Hauge","og_description":"\u00a0 \u00a0 \u00a0 \u00a0 \u00a0 \u00a0 \u00a0 \u00a0 \u00a0 \u00a0 \u00a0 \u00a0 \u00a0 \u00a0 \u00a0 \u00a0 \u00a0 \u00a0 \u00a0 \u00a0 \u00a0 Hauge\u00b4s\u00a0Showtime F\u00f8dt: 25.04.2016 Farve: smokey cream\/silver smokey cream\/silver smokey black? tobiano Mor: Jeanne d\u00b4Arc van Gipsy Dreams (buckskin) Far: &hellip; L\u00e6s resten &rarr;","og_url":"https:\/\/stald-hauge.dk\/index.php\/heste\/foel\/2016-hauges-showtime\/","og_site_name":"Stald Hauge","article_publisher":"https:\/\/www.facebook.com\/lisehauge\/","article_modified_time":"2024-12-30T00:00:18+00:00","og_image":[{"url":"http:\/\/stald-hauge.dk\/wp-content\/uploads\/2024\/12\/Showtime-700x466.jpg","type":"","width":"","height":""}],"twitter_card":"summary_large_image","twitter_misc":{"Estimeret l\u00e6setid":"1 minut"},"schema":{"@context":"https:\/\/schema.org","@graph":[{"@type":"WebPage","@id":"https:\/\/stald-hauge.dk\/index.php\/heste\/foel\/2016-hauges-showtime\/","url":"https:\/\/stald-hauge.dk\/index.php\/heste\/foel\/2016-hauges-showtime\/","name":"2016 - Hauge\u00b4s Showtime - Stald Hauge","isPartOf":{"@id":"https:\/\/stald-hauge.dk\/#website"},"primaryImageOfPage":{"@id":"https:\/\/stald-hauge.dk\/index.php\/heste\/foel\/2016-hauges-showtime\/#primaryimage"},"image":{"@id":"https:\/\/stald-hauge.dk\/index.php\/heste\/foel\/2016-hauges-showtime\/#primaryimage"},"thumbnailUrl":"http:\/\/stald-hauge.dk\/wp-content\/uploads\/2024\/12\/Showtime-700x466.jpg","datePublished":"2024-08-14T18:53:40+00:00","dateModified":"2024-12-30T00:00:18+00:00","breadcrumb":{"@id":"https:\/\/stald-hauge.dk\/index.php\/heste\/foel\/2016-hauges-showtime\/#breadcrumb"},"inLanguage":"da-DK","potentialAction":[{"@type":"ReadAction","target":["https:\/\/stald-hauge.dk\/index.php\/heste\/foel\/2016-hauges-showtime\/"]}]},{"@type":"ImageObject","inLanguage":"da-DK","@id":"https:\/\/stald-hauge.dk\/index.php\/heste\/foel\/2016-hauges-showtime\/#primaryimage","url":"http:\/\/stald-hauge.dk\/wp-content\/uploads\/2024\/12\/Showtime.jpg","contentUrl":"http:\/\/stald-hauge.dk\/wp-content\/uploads\/2024\/12\/Showtime.jpg","width":768,"height":511},{"@type":"BreadcrumbList","@id":"https:\/\/stald-hauge.dk\/index.php\/heste\/foel\/2016-hauges-showtime\/#breadcrumb","itemListElement":[{"@type":"ListItem","position":1,"name":"Hjem","item":"https:\/\/stald-hauge.dk\/"},{"@type":"ListItem","position":2,"name":"Heste","item":"http:\/\/stald-hauge.dk\/index.php\/heste\/"},{"@type":"ListItem","position":3,"name":"F\u00f8l","item":"http:\/\/stald-hauge.dk\/index.php\/heste\/foel\/"},{"@type":"ListItem","position":4,"name":"2016 &#8211; Hauge\u00b4s Showtime"}]},{"@type":"WebSite","@id":"https:\/\/stald-hauge.dk\/#website","url":"https:\/\/stald-hauge.dk\/","name":"Stald Hauge","description":"v\/Lise Hauge S\u00f8rensen","publisher":{"@id":"https:\/\/stald-hauge.dk\/#\/schema\/person\/5e9342de63bcc5037d653908c024bc01"},"potentialAction":[{"@type":"SearchAction","target":{"@type":"EntryPoint","urlTemplate":"https:\/\/stald-hauge.dk\/?s={search_term_string}"},"query-input":{"@type":"PropertyValueSpecification","valueRequired":true,"valueName":"search_term_string"}}],"inLanguage":"da-DK"},{"@type":["Person","Organization"],"@id":"https:\/\/stald-hauge.dk\/#\/schema\/person\/5e9342de63bcc5037d653908c024bc01","name":"admin","image":{"@type":"ImageObject","inLanguage":"da-DK","@id":"https:\/\/stald-hauge.dk\/#\/schema\/person\/image\/","url":"https:\/\/secure.gravatar.com\/avatar\/cb52025513d5b4d5bf079f09f5aae21c223852877c5a747e37ab431711bb309d?s=96&d=mm&r=g","contentUrl":"https:\/\/secure.gravatar.com\/avatar\/cb52025513d5b4d5bf079f09f5aae21c223852877c5a747e37ab431711bb309d?s=96&d=mm&r=g","caption":"admin"},"logo":{"@id":"https:\/\/stald-hauge.dk\/#\/schema\/person\/image\/"},"sameAs":["http:\/\/stald-hauge.dk","https:\/\/www.facebook.com\/lisehauge\/"]}]}},"_links":{"self":[{"href":"http:\/\/stald-hauge.dk\/index.php\/wp-json\/wp\/v2\/pages\/138","targetHints":{"allow":["GET"]}}],"collection":[{"href":"http:\/\/stald-hauge.dk\/index.php\/wp-json\/wp\/v2\/pages"}],"about":[{"href":"http:\/\/stald-hauge.dk\/index.php\/wp-json\/wp\/v2\/types\/page"}],"author":[{"embeddable":true,"href":"http:\/\/stald-hauge.dk\/index.php\/wp-json\/wp\/v2\/users\/1"}],"replies":[{"embeddable":true,"href":"http:\/\/stald-hauge.dk\/index.php\/wp-json\/wp\/v2\/comments?post=138"}],"version-history":[{"count":3,"href":"http:\/\/stald-hauge.dk\/index.php\/wp-json\/wp\/v2\/pages\/138\/revisions"}],"predecessor-version":[{"id":3491,"href":"http:\/\/stald-hauge.dk\/index.php\/wp-json\/wp\/v2\/pages\/138\/revisions\/3491"}],"up":[{"embeddable":true,"href":"http:\/\/stald-hauge.dk\/index.php\/wp-json\/wp\/v2\/pages\/102"}],"wp:attachment":[{"href":"http:\/\/stald-hauge.dk\/index.php\/wp-json\/wp\/v2\/media?parent=138"}],"curies":[{"name":"wp","href":"https:\/\/api.w.org\/{rel}","templated":true}]}}