{"id":2009,"date":"2024-08-23T11:20:22","date_gmt":"2024-08-23T11:20:22","guid":{"rendered":"https:\/\/stald-hauge.dk\/?page_id=2009"},"modified":"2025-01-02T10:18:55","modified_gmt":"2025-01-02T10:18:55","slug":"2007-dtf-kaaring","status":"publish","type":"page","link":"http:\/\/stald-hauge.dk\/index.php\/heste\/show-kaaring\/2007-dtf-kaaring\/","title":{"rendered":"2007 &#8211; DTF k\u00e5ring"},"content":{"rendered":"<p style=\"text-align: center;\">DTF-k\u00e5ring 21-22. april<\/p>\n<p style=\"text-align: center;\">Aodh\u00e1n blev fremvist som plag til vejledende bed\u00f8mmelse<\/p>\n<p style=\"text-align: center;\"><img loading=\"lazy\" decoding=\"async\" class=\"alignnone size-large wp-image-4142\" src=\"http:\/\/stald-hauge.dk\/wp-content\/uploads\/2025\/01\/DTF-07--700x574.jpg\" alt=\"\" width=\"640\" height=\"525\" srcset=\"http:\/\/stald-hauge.dk\/wp-content\/uploads\/2025\/01\/DTF-07--700x574.jpg 700w, http:\/\/stald-hauge.dk\/wp-content\/uploads\/2025\/01\/DTF-07--300x246.jpg 300w, http:\/\/stald-hauge.dk\/wp-content\/uploads\/2025\/01\/DTF-07-.jpg 768w\" sizes=\"auto, (max-width: 640px) 100vw, 640px\" \/><\/p>\n<table class=\" aligncenter\" width=\"586\">\n<tbody>\n<tr>\n<td width=\"5%\"><strong>2.<\/strong><\/td>\n<td width=\"91%\"><strong>\u00a0\u00a0Klittens Aodh\u00e1n<\/strong>\u00a0\u00a0\u00a0\u00a0\u00a0\u00a0\u00a0\u00a0\u00a0\u00a0\u00a0\u00a0\u00a0\u00a0\u00a0\u00a0K\u00f8n: Hingst\u00a0 \u00a0\u00a0\u00a0\u00a0\u00a0\u00a0 F\u00f8dt: 04.06.06<\/td>\n<\/tr>\n<tr>\n<td width=\"5%\"><\/td>\n<td width=\"91%\">\u00a0 Far:\u00a0Sir Ivanhoe of England\u00a0\u00a0\u00a0\u00a0\u00a0\u00a0\u00a0\u00a0\u00a0\u00a0\u00a0\u00a0\u00a0\u00a0 Mor:\u00a0Hanuta of Ireland<\/td>\n<\/tr>\n<tr>\n<td width=\"5%\"><strong>M\u00c5L<\/strong><\/td>\n<td width=\"91%\">\u00a0 Stangm\u00e5l:\u00a0138\u00a0\u00a0\u00a0\u00a0\u00a0\u00a0 B\u00e5ndm\u00e5l: 142\u00a0\u00a0\u00a0\u00a0\u00a0 Gjordm\u00e5l: 154\u00a0\u00a0\u00a0\u00a0\u00a0 Pibem\u00e5l: 20<\/td>\n<\/tr>\n<tr>\n<td width=\"5%\"><strong>SAM.ARB.<\/strong><\/td>\n<td width=\"91%\">\u00a0 Dyrl\u00e6ge:\u00a08\u00a0\u00a0\u00a0\u00a0\u00a0\u00a0\u00a0\u00a0\u00a0\u00a0\u00a0\u00a0Smed: 8\u00a0\u00a0\u00a0\u00a0\u00a0\u00a0\u00a0\u00a0\u00a0\u00a0\u00a0\u00a0 \u00a0M\u00e5ler:\u00a08\u00a0\u00a0\u00a0\u00a0\u00a0\u00a0\u00a0\u00a0\u00a0\u00a0\u00a0\u00a0\u00a0\u00a0Dommer: 8<\/td>\n<\/tr>\n<tr>\n<td width=\"5%\"><strong>Karakterer<\/strong><\/td>\n<td width=\"91%\">\n<table width=\"504\">\n<tbody>\n<tr>\n<td>Type<\/td>\n<td>Rammer<\/td>\n<td>Lemmer<\/td>\n<td>Hove<\/td>\n<td>Bev\u00e6gelser<\/td>\n<td>Helhed<\/td>\n<td>Sam.arb.gns<\/td>\n<td>Gennemsnit<\/td>\n<\/tr>\n<tr>\n<td width=\"49\">8<\/td>\n<td width=\"51\">8<\/td>\n<td width=\"54\">7<\/td>\n<td width=\"37\">8<\/td>\n<td width=\"50\">\u00a0\u00a0\u00a0\u00a0\u00a0\u00a0 8<\/td>\n<td width=\"29\">\u00a0\u00a0 8<\/td>\n<td width=\"61\">\u00a0 8<\/td>\n<td width=\"58\">\u00a0\u00a0\u00a0 7,86<\/td>\n<\/tr>\n<\/tbody>\n<\/table>\n<\/td>\n<\/tr>\n<\/tbody>\n<\/table>\n<p style=\"text-align: center;\">Beskrivelse:<\/p>\n<p style=\"text-align: center;\">God type med godt udviklingspotentiale<\/p>\n<p style=\"text-align: center;\">Passende bredde<\/p>\n<p style=\"text-align: center;\">God overlinie, velformet kryds<\/p>\n<p style=\"text-align: center;\">Fundament: lidt stejl for, lidt fransk for<\/p>\n<p style=\"text-align: center;\">Bev\u00e6gelser: God fri og god balance<\/p>\n<p style=\"text-align: center;\">\u00a0Oprangering: 2 ud af 4<\/p>\n<p style=\"text-align: center;\"><img loading=\"lazy\" decoding=\"async\" class=\"alignnone size-large wp-image-4143\" src=\"http:\/\/stald-hauge.dk\/wp-content\/uploads\/2025\/01\/DTF-07-1-700x497.jpg\" alt=\"\" width=\"640\" height=\"454\" srcset=\"http:\/\/stald-hauge.dk\/wp-content\/uploads\/2025\/01\/DTF-07-1-700x497.jpg 700w, http:\/\/stald-hauge.dk\/wp-content\/uploads\/2025\/01\/DTF-07-1-300x213.jpg 300w, http:\/\/stald-hauge.dk\/wp-content\/uploads\/2025\/01\/DTF-07-1.jpg 768w\" sizes=\"auto, (max-width: 640px) 100vw, 640px\" \/> <img loading=\"lazy\" decoding=\"async\" class=\"alignnone size-large wp-image-4144\" src=\"http:\/\/stald-hauge.dk\/wp-content\/uploads\/2025\/01\/DTF-07-2-700x468.jpg\" alt=\"\" width=\"640\" height=\"428\" srcset=\"http:\/\/stald-hauge.dk\/wp-content\/uploads\/2025\/01\/DTF-07-2-700x468.jpg 700w, http:\/\/stald-hauge.dk\/wp-content\/uploads\/2025\/01\/DTF-07-2-300x201.jpg 300w, http:\/\/stald-hauge.dk\/wp-content\/uploads\/2025\/01\/DTF-07-2.jpg 768w\" sizes=\"auto, (max-width: 640px) 100vw, 640px\" \/> <img loading=\"lazy\" decoding=\"async\" class=\"alignnone size-full wp-image-4146\" src=\"http:\/\/stald-hauge.dk\/wp-content\/uploads\/2025\/01\/DTF-07-4.jpg\" alt=\"\" width=\"300\" height=\"201\" \/> <img loading=\"lazy\" decoding=\"async\" class=\"alignnone size-full wp-image-4147\" src=\"http:\/\/stald-hauge.dk\/wp-content\/uploads\/2025\/01\/DTF-07-5.jpg\" alt=\"\" width=\"300\" height=\"201\" \/> <img loading=\"lazy\" decoding=\"async\" class=\"alignnone size-full wp-image-4148\" src=\"http:\/\/stald-hauge.dk\/wp-content\/uploads\/2025\/01\/DTF-07-6.jpg\" alt=\"\" width=\"300\" height=\"201\" \/> <img loading=\"lazy\" decoding=\"async\" class=\"alignnone size-large wp-image-4145\" src=\"http:\/\/stald-hauge.dk\/wp-content\/uploads\/2025\/01\/DTF-07-3-700x468.jpg\" alt=\"\" width=\"640\" height=\"428\" srcset=\"http:\/\/stald-hauge.dk\/wp-content\/uploads\/2025\/01\/DTF-07-3-700x468.jpg 700w, http:\/\/stald-hauge.dk\/wp-content\/uploads\/2025\/01\/DTF-07-3-300x201.jpg 300w, http:\/\/stald-hauge.dk\/wp-content\/uploads\/2025\/01\/DTF-07-3.jpg 768w\" sizes=\"auto, (max-width: 640px) 100vw, 640px\" \/> <img loading=\"lazy\" decoding=\"async\" class=\"alignnone size-full wp-image-4149\" src=\"http:\/\/stald-hauge.dk\/wp-content\/uploads\/2025\/01\/DTF-07-7.jpg\" alt=\"\" width=\"300\" height=\"201\" \/> <img loading=\"lazy\" decoding=\"async\" class=\"alignnone size-full wp-image-4150\" src=\"http:\/\/stald-hauge.dk\/wp-content\/uploads\/2025\/01\/DTF-07-8.jpg\" alt=\"\" width=\"201\" height=\"300\" \/> <img loading=\"lazy\" decoding=\"async\" class=\"alignnone size-full wp-image-4151\" src=\"http:\/\/stald-hauge.dk\/wp-content\/uploads\/2025\/01\/DTF-07-9.jpg\" alt=\"\" width=\"300\" height=\"201\" \/> <img loading=\"lazy\" decoding=\"async\" class=\"alignnone size-full wp-image-4152\" src=\"http:\/\/stald-hauge.dk\/wp-content\/uploads\/2025\/01\/DTF-07-10.jpg\" alt=\"\" width=\"300\" height=\"201\" \/> <img loading=\"lazy\" decoding=\"async\" class=\"alignnone size-full wp-image-4153\" src=\"http:\/\/stald-hauge.dk\/wp-content\/uploads\/2025\/01\/DTF-07-11.jpg\" alt=\"\" width=\"300\" height=\"201\" \/> <img loading=\"lazy\" decoding=\"async\" class=\"alignnone size-full wp-image-4154\" src=\"http:\/\/stald-hauge.dk\/wp-content\/uploads\/2025\/01\/DTF-07-12.jpg\" alt=\"\" width=\"300\" height=\"201\" \/> <img loading=\"lazy\" decoding=\"async\" class=\"alignnone size-full wp-image-4155\" src=\"http:\/\/stald-hauge.dk\/wp-content\/uploads\/2025\/01\/DTF-07-13.jpg\" alt=\"\" width=\"300\" height=\"201\" \/> <img loading=\"lazy\" decoding=\"async\" class=\"alignnone size-full wp-image-4156\" src=\"http:\/\/stald-hauge.dk\/wp-content\/uploads\/2025\/01\/DTF-07-14.jpg\" alt=\"\" width=\"300\" height=\"201\" \/> <img loading=\"lazy\" decoding=\"async\" class=\"alignnone size-full wp-image-4157\" src=\"http:\/\/stald-hauge.dk\/wp-content\/uploads\/2025\/01\/DTF-07-15.jpg\" alt=\"\" width=\"300\" height=\"201\" \/> <img loading=\"lazy\" decoding=\"async\" class=\"alignnone size-full wp-image-4158\" src=\"http:\/\/stald-hauge.dk\/wp-content\/uploads\/2025\/01\/DTF-07-16.jpg\" alt=\"\" width=\"300\" height=\"201\" \/> <img loading=\"lazy\" decoding=\"async\" class=\"alignnone size-full wp-image-4159\" src=\"http:\/\/stald-hauge.dk\/wp-content\/uploads\/2025\/01\/DTF-07-17.jpg\" alt=\"\" width=\"300\" height=\"201\" \/> <img loading=\"lazy\" decoding=\"async\" class=\"alignnone size-full wp-image-4160\" src=\"http:\/\/stald-hauge.dk\/wp-content\/uploads\/2025\/01\/DTF-07-18.jpg\" alt=\"\" width=\"300\" height=\"201\" \/> <img loading=\"lazy\" decoding=\"async\" class=\"alignnone size-full wp-image-4161\" src=\"http:\/\/stald-hauge.dk\/wp-content\/uploads\/2025\/01\/DTF-07-19.jpg\" alt=\"\" width=\"300\" height=\"201\" \/> <img loading=\"lazy\" decoding=\"async\" class=\"alignnone size-full wp-image-4162\" src=\"http:\/\/stald-hauge.dk\/wp-content\/uploads\/2025\/01\/DTF-07-20.jpg\" alt=\"\" width=\"300\" height=\"201\" \/> <img loading=\"lazy\" decoding=\"async\" class=\"alignnone size-full wp-image-4163\" src=\"http:\/\/stald-hauge.dk\/wp-content\/uploads\/2025\/01\/DTF-07-21.jpg\" alt=\"\" width=\"300\" height=\"201\" \/> <img loading=\"lazy\" decoding=\"async\" class=\"alignnone size-full wp-image-4164\" src=\"http:\/\/stald-hauge.dk\/wp-content\/uploads\/2025\/01\/DTF-07-22.jpg\" alt=\"\" width=\"300\" height=\"201\" \/> <img loading=\"lazy\" decoding=\"async\" class=\"alignnone size-full wp-image-4165\" src=\"http:\/\/stald-hauge.dk\/wp-content\/uploads\/2025\/01\/DTF-07-23.jpg\" alt=\"\" width=\"300\" height=\"201\" \/> <img loading=\"lazy\" decoding=\"async\" class=\"alignnone size-full wp-image-4166\" src=\"http:\/\/stald-hauge.dk\/wp-content\/uploads\/2025\/01\/DTF-07-24.jpg\" alt=\"\" width=\"300\" height=\"201\" \/> <img loading=\"lazy\" decoding=\"async\" class=\"alignnone size-full wp-image-4167\" src=\"http:\/\/stald-hauge.dk\/wp-content\/uploads\/2025\/01\/DTF-07-25.jpg\" alt=\"\" width=\"300\" height=\"201\" \/> <img loading=\"lazy\" decoding=\"async\" class=\"alignnone size-full wp-image-4168\" src=\"http:\/\/stald-hauge.dk\/wp-content\/uploads\/2025\/01\/DTF-07-26.jpg\" alt=\"\" width=\"300\" height=\"201\" \/> <img loading=\"lazy\" decoding=\"async\" class=\"alignnone size-full wp-image-4169\" src=\"http:\/\/stald-hauge.dk\/wp-content\/uploads\/2025\/01\/DTF-07-27.jpg\" alt=\"\" width=\"300\" height=\"200\" \/> <img loading=\"lazy\" decoding=\"async\" class=\"alignnone size-full wp-image-4170\" src=\"http:\/\/stald-hauge.dk\/wp-content\/uploads\/2025\/01\/DTF-07-28.jpg\" alt=\"\" width=\"300\" height=\"201\" \/> <img loading=\"lazy\" decoding=\"async\" class=\"alignnone size-full wp-image-4171\" src=\"http:\/\/stald-hauge.dk\/wp-content\/uploads\/2025\/01\/DTF-07-29.jpg\" alt=\"\" width=\"300\" height=\"201\" \/> <img loading=\"lazy\" decoding=\"async\" class=\"alignnone size-full wp-image-4172\" src=\"http:\/\/stald-hauge.dk\/wp-content\/uploads\/2025\/01\/DTF-07-30.jpg\" alt=\"\" width=\"300\" height=\"201\" \/> <img loading=\"lazy\" decoding=\"async\" class=\"alignnone size-full wp-image-4173\" src=\"http:\/\/stald-hauge.dk\/wp-content\/uploads\/2025\/01\/DTF-07-31.jpg\" alt=\"\" width=\"300\" height=\"201\" \/><\/p>\n<p style=\"text-align: center;\">\n","protected":false},"excerpt":{"rendered":"<p>DTF-k\u00e5ring 21-22. april Aodh\u00e1n blev fremvist som plag til vejledende bed\u00f8mmelse 2. \u00a0\u00a0Klittens Aodh\u00e1n\u00a0\u00a0\u00a0\u00a0\u00a0\u00a0\u00a0\u00a0\u00a0\u00a0\u00a0\u00a0\u00a0\u00a0\u00a0\u00a0K\u00f8n: Hingst\u00a0 \u00a0\u00a0\u00a0\u00a0\u00a0\u00a0 F\u00f8dt: 04.06.06 \u00a0 Far:\u00a0Sir Ivanhoe of England\u00a0\u00a0\u00a0\u00a0\u00a0\u00a0\u00a0\u00a0\u00a0\u00a0\u00a0\u00a0\u00a0\u00a0 Mor:\u00a0Hanuta of Ireland M\u00c5L \u00a0 Stangm\u00e5l:\u00a0138\u00a0\u00a0\u00a0\u00a0\u00a0\u00a0 B\u00e5ndm\u00e5l: 142\u00a0\u00a0\u00a0\u00a0\u00a0 Gjordm\u00e5l: 154\u00a0\u00a0\u00a0\u00a0\u00a0 Pibem\u00e5l: 20 SAM.ARB. \u00a0 Dyrl\u00e6ge:\u00a08\u00a0\u00a0\u00a0\u00a0\u00a0\u00a0\u00a0\u00a0\u00a0\u00a0\u00a0\u00a0Smed: 8\u00a0\u00a0\u00a0\u00a0\u00a0\u00a0\u00a0\u00a0\u00a0\u00a0\u00a0\u00a0 \u00a0M\u00e5ler:\u00a08\u00a0\u00a0\u00a0\u00a0\u00a0\u00a0\u00a0\u00a0\u00a0\u00a0\u00a0\u00a0\u00a0\u00a0Dommer: &hellip; <a href=\"http:\/\/stald-hauge.dk\/index.php\/heste\/show-kaaring\/2007-dtf-kaaring\/\">L\u00e6s resten <span class=\"meta-nav\">&rarr;<\/span><\/a><\/p>\n","protected":false},"author":1,"featured_media":0,"parent":1757,"menu_order":0,"comment_status":"closed","ping_status":"closed","template":"onecolumn-page.php","meta":{"footnotes":""},"class_list":["post-2009","page","type-page","status-publish","hentry"],"yoast_head":"<!-- This site is optimized with the Yoast SEO plugin v25.3.1 - https:\/\/yoast.com\/wordpress\/plugins\/seo\/ -->\n<title>2007 - DTF k\u00e5ring - Stald Hauge<\/title>\n<meta name=\"robots\" content=\"index, follow, max-snippet:-1, max-image-preview:large, max-video-preview:-1\" \/>\n<link rel=\"canonical\" href=\"https:\/\/stald-hauge.dk\/index.php\/heste\/show-kaaring\/2007-dtf-kaaring\/\" \/>\n<meta property=\"og:locale\" content=\"da_DK\" \/>\n<meta property=\"og:type\" content=\"article\" \/>\n<meta property=\"og:title\" content=\"2007 - DTF k\u00e5ring - Stald Hauge\" \/>\n<meta property=\"og:description\" content=\"DTF-k\u00e5ring 21-22. april Aodh\u00e1n blev fremvist som plag til vejledende bed\u00f8mmelse 2. \u00a0\u00a0Klittens Aodh\u00e1n\u00a0\u00a0\u00a0\u00a0\u00a0\u00a0\u00a0\u00a0\u00a0\u00a0\u00a0\u00a0\u00a0\u00a0\u00a0\u00a0K\u00f8n: Hingst\u00a0 \u00a0\u00a0\u00a0\u00a0\u00a0\u00a0 F\u00f8dt: 04.06.06 \u00a0 Far:\u00a0Sir Ivanhoe of England\u00a0\u00a0\u00a0\u00a0\u00a0\u00a0\u00a0\u00a0\u00a0\u00a0\u00a0\u00a0\u00a0\u00a0 Mor:\u00a0Hanuta of Ireland M\u00c5L \u00a0 Stangm\u00e5l:\u00a0138\u00a0\u00a0\u00a0\u00a0\u00a0\u00a0 B\u00e5ndm\u00e5l: 142\u00a0\u00a0\u00a0\u00a0\u00a0 Gjordm\u00e5l: 154\u00a0\u00a0\u00a0\u00a0\u00a0 Pibem\u00e5l: 20 SAM.ARB. \u00a0 Dyrl\u00e6ge:\u00a08\u00a0\u00a0\u00a0\u00a0\u00a0\u00a0\u00a0\u00a0\u00a0\u00a0\u00a0\u00a0Smed: 8\u00a0\u00a0\u00a0\u00a0\u00a0\u00a0\u00a0\u00a0\u00a0\u00a0\u00a0\u00a0 \u00a0M\u00e5ler:\u00a08\u00a0\u00a0\u00a0\u00a0\u00a0\u00a0\u00a0\u00a0\u00a0\u00a0\u00a0\u00a0\u00a0\u00a0Dommer: &hellip; L\u00e6s resten &rarr;\" \/>\n<meta property=\"og:url\" content=\"https:\/\/stald-hauge.dk\/index.php\/heste\/show-kaaring\/2007-dtf-kaaring\/\" \/>\n<meta property=\"og:site_name\" content=\"Stald Hauge\" \/>\n<meta property=\"article:publisher\" content=\"https:\/\/www.facebook.com\/lisehauge\/\" \/>\n<meta property=\"article:modified_time\" content=\"2025-01-02T10:18:55+00:00\" \/>\n<meta property=\"og:image\" content=\"http:\/\/stald-hauge.dk\/wp-content\/uploads\/2025\/01\/DTF-07--700x574.jpg\" \/>\n<meta name=\"twitter:card\" content=\"summary_large_image\" \/>\n<script type=\"application\/ld+json\" class=\"yoast-schema-graph\">{\"@context\":\"https:\/\/schema.org\",\"@graph\":[{\"@type\":\"WebPage\",\"@id\":\"https:\/\/stald-hauge.dk\/index.php\/heste\/show-kaaring\/2007-dtf-kaaring\/\",\"url\":\"https:\/\/stald-hauge.dk\/index.php\/heste\/show-kaaring\/2007-dtf-kaaring\/\",\"name\":\"2007 - DTF k\u00e5ring - Stald Hauge\",\"isPartOf\":{\"@id\":\"https:\/\/stald-hauge.dk\/#website\"},\"primaryImageOfPage\":{\"@id\":\"https:\/\/stald-hauge.dk\/index.php\/heste\/show-kaaring\/2007-dtf-kaaring\/#primaryimage\"},\"image\":{\"@id\":\"https:\/\/stald-hauge.dk\/index.php\/heste\/show-kaaring\/2007-dtf-kaaring\/#primaryimage\"},\"thumbnailUrl\":\"http:\/\/stald-hauge.dk\/wp-content\/uploads\/2025\/01\/DTF-07--700x574.jpg\",\"datePublished\":\"2024-08-23T11:20:22+00:00\",\"dateModified\":\"2025-01-02T10:18:55+00:00\",\"breadcrumb\":{\"@id\":\"https:\/\/stald-hauge.dk\/index.php\/heste\/show-kaaring\/2007-dtf-kaaring\/#breadcrumb\"},\"inLanguage\":\"da-DK\",\"potentialAction\":[{\"@type\":\"ReadAction\",\"target\":[\"https:\/\/stald-hauge.dk\/index.php\/heste\/show-kaaring\/2007-dtf-kaaring\/\"]}]},{\"@type\":\"ImageObject\",\"inLanguage\":\"da-DK\",\"@id\":\"https:\/\/stald-hauge.dk\/index.php\/heste\/show-kaaring\/2007-dtf-kaaring\/#primaryimage\",\"url\":\"http:\/\/stald-hauge.dk\/wp-content\/uploads\/2025\/01\/DTF-07-.jpg\",\"contentUrl\":\"http:\/\/stald-hauge.dk\/wp-content\/uploads\/2025\/01\/DTF-07-.jpg\",\"width\":768,\"height\":630},{\"@type\":\"BreadcrumbList\",\"@id\":\"https:\/\/stald-hauge.dk\/index.php\/heste\/show-kaaring\/2007-dtf-kaaring\/#breadcrumb\",\"itemListElement\":[{\"@type\":\"ListItem\",\"position\":1,\"name\":\"Hjem\",\"item\":\"https:\/\/stald-hauge.dk\/\"},{\"@type\":\"ListItem\",\"position\":2,\"name\":\"Heste\",\"item\":\"http:\/\/stald-hauge.dk\/index.php\/heste\/\"},{\"@type\":\"ListItem\",\"position\":3,\"name\":\"Show \/ K\u00e5ring\",\"item\":\"http:\/\/stald-hauge.dk\/index.php\/heste\/show-kaaring\/\"},{\"@type\":\"ListItem\",\"position\":4,\"name\":\"2007 &#8211; DTF k\u00e5ring\"}]},{\"@type\":\"WebSite\",\"@id\":\"https:\/\/stald-hauge.dk\/#website\",\"url\":\"https:\/\/stald-hauge.dk\/\",\"name\":\"Stald Hauge\",\"description\":\"v\/Lise Hauge S\u00f8rensen\",\"publisher\":{\"@id\":\"https:\/\/stald-hauge.dk\/#\/schema\/person\/5e9342de63bcc5037d653908c024bc01\"},\"potentialAction\":[{\"@type\":\"SearchAction\",\"target\":{\"@type\":\"EntryPoint\",\"urlTemplate\":\"https:\/\/stald-hauge.dk\/?s={search_term_string}\"},\"query-input\":{\"@type\":\"PropertyValueSpecification\",\"valueRequired\":true,\"valueName\":\"search_term_string\"}}],\"inLanguage\":\"da-DK\"},{\"@type\":[\"Person\",\"Organization\"],\"@id\":\"https:\/\/stald-hauge.dk\/#\/schema\/person\/5e9342de63bcc5037d653908c024bc01\",\"name\":\"admin\",\"image\":{\"@type\":\"ImageObject\",\"inLanguage\":\"da-DK\",\"@id\":\"https:\/\/stald-hauge.dk\/#\/schema\/person\/image\/\",\"url\":\"https:\/\/secure.gravatar.com\/avatar\/cb52025513d5b4d5bf079f09f5aae21c223852877c5a747e37ab431711bb309d?s=96&d=mm&r=g\",\"contentUrl\":\"https:\/\/secure.gravatar.com\/avatar\/cb52025513d5b4d5bf079f09f5aae21c223852877c5a747e37ab431711bb309d?s=96&d=mm&r=g\",\"caption\":\"admin\"},\"logo\":{\"@id\":\"https:\/\/stald-hauge.dk\/#\/schema\/person\/image\/\"},\"sameAs\":[\"http:\/\/stald-hauge.dk\",\"https:\/\/www.facebook.com\/lisehauge\/\"]}]}<\/script>\n<!-- \/ Yoast SEO plugin. -->","yoast_head_json":{"title":"2007 - DTF k\u00e5ring - Stald Hauge","robots":{"index":"index","follow":"follow","max-snippet":"max-snippet:-1","max-image-preview":"max-image-preview:large","max-video-preview":"max-video-preview:-1"},"canonical":"https:\/\/stald-hauge.dk\/index.php\/heste\/show-kaaring\/2007-dtf-kaaring\/","og_locale":"da_DK","og_type":"article","og_title":"2007 - DTF k\u00e5ring - Stald Hauge","og_description":"DTF-k\u00e5ring 21-22. april Aodh\u00e1n blev fremvist som plag til vejledende bed\u00f8mmelse 2. \u00a0\u00a0Klittens Aodh\u00e1n\u00a0\u00a0\u00a0\u00a0\u00a0\u00a0\u00a0\u00a0\u00a0\u00a0\u00a0\u00a0\u00a0\u00a0\u00a0\u00a0K\u00f8n: Hingst\u00a0 \u00a0\u00a0\u00a0\u00a0\u00a0\u00a0 F\u00f8dt: 04.06.06 \u00a0 Far:\u00a0Sir Ivanhoe of England\u00a0\u00a0\u00a0\u00a0\u00a0\u00a0\u00a0\u00a0\u00a0\u00a0\u00a0\u00a0\u00a0\u00a0 Mor:\u00a0Hanuta of Ireland M\u00c5L \u00a0 Stangm\u00e5l:\u00a0138\u00a0\u00a0\u00a0\u00a0\u00a0\u00a0 B\u00e5ndm\u00e5l: 142\u00a0\u00a0\u00a0\u00a0\u00a0 Gjordm\u00e5l: 154\u00a0\u00a0\u00a0\u00a0\u00a0 Pibem\u00e5l: 20 SAM.ARB. \u00a0 Dyrl\u00e6ge:\u00a08\u00a0\u00a0\u00a0\u00a0\u00a0\u00a0\u00a0\u00a0\u00a0\u00a0\u00a0\u00a0Smed: 8\u00a0\u00a0\u00a0\u00a0\u00a0\u00a0\u00a0\u00a0\u00a0\u00a0\u00a0\u00a0 \u00a0M\u00e5ler:\u00a08\u00a0\u00a0\u00a0\u00a0\u00a0\u00a0\u00a0\u00a0\u00a0\u00a0\u00a0\u00a0\u00a0\u00a0Dommer: &hellip; L\u00e6s resten &rarr;","og_url":"https:\/\/stald-hauge.dk\/index.php\/heste\/show-kaaring\/2007-dtf-kaaring\/","og_site_name":"Stald Hauge","article_publisher":"https:\/\/www.facebook.com\/lisehauge\/","article_modified_time":"2025-01-02T10:18:55+00:00","og_image":[{"url":"http:\/\/stald-hauge.dk\/wp-content\/uploads\/2025\/01\/DTF-07--700x574.jpg","type":"","width":"","height":""}],"twitter_card":"summary_large_image","schema":{"@context":"https:\/\/schema.org","@graph":[{"@type":"WebPage","@id":"https:\/\/stald-hauge.dk\/index.php\/heste\/show-kaaring\/2007-dtf-kaaring\/","url":"https:\/\/stald-hauge.dk\/index.php\/heste\/show-kaaring\/2007-dtf-kaaring\/","name":"2007 - DTF k\u00e5ring - Stald Hauge","isPartOf":{"@id":"https:\/\/stald-hauge.dk\/#website"},"primaryImageOfPage":{"@id":"https:\/\/stald-hauge.dk\/index.php\/heste\/show-kaaring\/2007-dtf-kaaring\/#primaryimage"},"image":{"@id":"https:\/\/stald-hauge.dk\/index.php\/heste\/show-kaaring\/2007-dtf-kaaring\/#primaryimage"},"thumbnailUrl":"http:\/\/stald-hauge.dk\/wp-content\/uploads\/2025\/01\/DTF-07--700x574.jpg","datePublished":"2024-08-23T11:20:22+00:00","dateModified":"2025-01-02T10:18:55+00:00","breadcrumb":{"@id":"https:\/\/stald-hauge.dk\/index.php\/heste\/show-kaaring\/2007-dtf-kaaring\/#breadcrumb"},"inLanguage":"da-DK","potentialAction":[{"@type":"ReadAction","target":["https:\/\/stald-hauge.dk\/index.php\/heste\/show-kaaring\/2007-dtf-kaaring\/"]}]},{"@type":"ImageObject","inLanguage":"da-DK","@id":"https:\/\/stald-hauge.dk\/index.php\/heste\/show-kaaring\/2007-dtf-kaaring\/#primaryimage","url":"http:\/\/stald-hauge.dk\/wp-content\/uploads\/2025\/01\/DTF-07-.jpg","contentUrl":"http:\/\/stald-hauge.dk\/wp-content\/uploads\/2025\/01\/DTF-07-.jpg","width":768,"height":630},{"@type":"BreadcrumbList","@id":"https:\/\/stald-hauge.dk\/index.php\/heste\/show-kaaring\/2007-dtf-kaaring\/#breadcrumb","itemListElement":[{"@type":"ListItem","position":1,"name":"Hjem","item":"https:\/\/stald-hauge.dk\/"},{"@type":"ListItem","position":2,"name":"Heste","item":"http:\/\/stald-hauge.dk\/index.php\/heste\/"},{"@type":"ListItem","position":3,"name":"Show \/ K\u00e5ring","item":"http:\/\/stald-hauge.dk\/index.php\/heste\/show-kaaring\/"},{"@type":"ListItem","position":4,"name":"2007 &#8211; DTF k\u00e5ring"}]},{"@type":"WebSite","@id":"https:\/\/stald-hauge.dk\/#website","url":"https:\/\/stald-hauge.dk\/","name":"Stald Hauge","description":"v\/Lise Hauge S\u00f8rensen","publisher":{"@id":"https:\/\/stald-hauge.dk\/#\/schema\/person\/5e9342de63bcc5037d653908c024bc01"},"potentialAction":[{"@type":"SearchAction","target":{"@type":"EntryPoint","urlTemplate":"https:\/\/stald-hauge.dk\/?s={search_term_string}"},"query-input":{"@type":"PropertyValueSpecification","valueRequired":true,"valueName":"search_term_string"}}],"inLanguage":"da-DK"},{"@type":["Person","Organization"],"@id":"https:\/\/stald-hauge.dk\/#\/schema\/person\/5e9342de63bcc5037d653908c024bc01","name":"admin","image":{"@type":"ImageObject","inLanguage":"da-DK","@id":"https:\/\/stald-hauge.dk\/#\/schema\/person\/image\/","url":"https:\/\/secure.gravatar.com\/avatar\/cb52025513d5b4d5bf079f09f5aae21c223852877c5a747e37ab431711bb309d?s=96&d=mm&r=g","contentUrl":"https:\/\/secure.gravatar.com\/avatar\/cb52025513d5b4d5bf079f09f5aae21c223852877c5a747e37ab431711bb309d?s=96&d=mm&r=g","caption":"admin"},"logo":{"@id":"https:\/\/stald-hauge.dk\/#\/schema\/person\/image\/"},"sameAs":["http:\/\/stald-hauge.dk","https:\/\/www.facebook.com\/lisehauge\/"]}]}},"_links":{"self":[{"href":"http:\/\/stald-hauge.dk\/index.php\/wp-json\/wp\/v2\/pages\/2009","targetHints":{"allow":["GET"]}}],"collection":[{"href":"http:\/\/stald-hauge.dk\/index.php\/wp-json\/wp\/v2\/pages"}],"about":[{"href":"http:\/\/stald-hauge.dk\/index.php\/wp-json\/wp\/v2\/types\/page"}],"author":[{"embeddable":true,"href":"http:\/\/stald-hauge.dk\/index.php\/wp-json\/wp\/v2\/users\/1"}],"replies":[{"embeddable":true,"href":"http:\/\/stald-hauge.dk\/index.php\/wp-json\/wp\/v2\/comments?post=2009"}],"version-history":[{"count":2,"href":"http:\/\/stald-hauge.dk\/index.php\/wp-json\/wp\/v2\/pages\/2009\/revisions"}],"predecessor-version":[{"id":4894,"href":"http:\/\/stald-hauge.dk\/index.php\/wp-json\/wp\/v2\/pages\/2009\/revisions\/4894"}],"up":[{"embeddable":true,"href":"http:\/\/stald-hauge.dk\/index.php\/wp-json\/wp\/v2\/pages\/1757"}],"wp:attachment":[{"href":"http:\/\/stald-hauge.dk\/index.php\/wp-json\/wp\/v2\/media?parent=2009"}],"curies":[{"name":"wp","href":"https:\/\/api.w.org\/{rel}","templated":true}]}}