{"id":246,"date":"2024-08-15T07:39:39","date_gmt":"2024-08-15T07:39:39","guid":{"rendered":"https:\/\/stald-hauge.dk\/?page_id=246"},"modified":"2024-12-26T17:17:23","modified_gmt":"2024-12-26T17:17:23","slug":"bambi-valais-black-nose","status":"publish","type":"page","link":"http:\/\/stald-hauge.dk\/index.php\/faar\/valais-black-nose\/bambi-valais-black-nose\/","title":{"rendered":"Bambi &#8211; Valais black nose"},"content":{"rendered":"<p style=\"text-align: center;\"><img loading=\"lazy\" decoding=\"async\" class=\"alignnone size-large wp-image-2704\" src=\"http:\/\/stald-hauge.dk\/wp-content\/uploads\/2024\/12\/Bambi1-700x394.jpeg\" alt=\"\" width=\"640\" height=\"360\" srcset=\"http:\/\/stald-hauge.dk\/wp-content\/uploads\/2024\/12\/Bambi1-700x394.jpeg 700w, http:\/\/stald-hauge.dk\/wp-content\/uploads\/2024\/12\/Bambi1-300x169.jpeg 300w, http:\/\/stald-hauge.dk\/wp-content\/uploads\/2024\/12\/Bambi1.jpeg 768w\" sizes=\"auto, (max-width: 640px) 100vw, 640px\" \/><\/p>\n<p style=\"text-align: center;\">Bambi &#8211; vores lam fra december 2023, som endte som flaskelam, da hun ikke kunne st\u00e5 p\u00e5 benene fra start af.<\/p>\n<p style=\"text-align: center;\">Bambi er nu solgt og bor ikke l\u00e6ngere hos os.<\/p>\n<p style=\"text-align: center;\"><img loading=\"lazy\" decoding=\"async\" class=\"alignnone size-full wp-image-2706\" src=\"http:\/\/stald-hauge.dk\/wp-content\/uploads\/2024\/12\/bambi3.jpeg\" alt=\"\" width=\"300\" height=\"169\" \/> <img loading=\"lazy\" decoding=\"async\" class=\"alignnone size-full wp-image-2708\" src=\"http:\/\/stald-hauge.dk\/wp-content\/uploads\/2024\/12\/bambi5.jpeg\" alt=\"\" width=\"300\" height=\"169\" \/> <img loading=\"lazy\" decoding=\"async\" class=\"alignnone size-full wp-image-2707\" src=\"http:\/\/stald-hauge.dk\/wp-content\/uploads\/2024\/12\/bambi4.jpeg\" alt=\"\" width=\"300\" height=\"169\" \/><\/p>\n","protected":false},"excerpt":{"rendered":"<p>Bambi &#8211; vores lam fra december 2023, som endte som flaskelam, da hun ikke kunne st\u00e5 p\u00e5 benene fra start af. Bambi er nu solgt og bor ikke l\u00e6ngere hos os.<\/p>\n","protected":false},"author":1,"featured_media":0,"parent":32,"menu_order":0,"comment_status":"closed","ping_status":"closed","template":"onecolumn-page.php","meta":{"footnotes":""},"class_list":["post-246","page","type-page","status-publish","hentry"],"yoast_head":"<!-- This site is optimized with the Yoast SEO plugin v25.3.1 - https:\/\/yoast.com\/wordpress\/plugins\/seo\/ -->\n<title>Bambi - Valais black nose - Stald Hauge<\/title>\n<meta name=\"robots\" content=\"index, follow, max-snippet:-1, max-image-preview:large, max-video-preview:-1\" \/>\n<link rel=\"canonical\" href=\"http:\/\/stald-hauge.dk\/index.php\/faar\/valais-black-nose\/bambi-valais-black-nose\/\" \/>\n<meta property=\"og:locale\" content=\"da_DK\" \/>\n<meta property=\"og:type\" content=\"article\" \/>\n<meta property=\"og:title\" content=\"Bambi - Valais black nose - Stald Hauge\" \/>\n<meta property=\"og:description\" content=\"Bambi &#8211; vores lam fra december 2023, som endte som flaskelam, da hun ikke kunne st\u00e5 p\u00e5 benene fra start af. Bambi er nu solgt og bor ikke l\u00e6ngere hos os.\" \/>\n<meta property=\"og:url\" content=\"http:\/\/stald-hauge.dk\/index.php\/faar\/valais-black-nose\/bambi-valais-black-nose\/\" \/>\n<meta property=\"og:site_name\" content=\"Stald Hauge\" \/>\n<meta property=\"article:publisher\" content=\"https:\/\/www.facebook.com\/lisehauge\/\" \/>\n<meta property=\"article:modified_time\" content=\"2024-12-26T17:17:23+00:00\" \/>\n<meta property=\"og:image\" content=\"http:\/\/stald-hauge.dk\/wp-content\/uploads\/2024\/12\/Bambi1-700x394.jpeg\" \/>\n<meta name=\"twitter:card\" content=\"summary_large_image\" \/>\n<script type=\"application\/ld+json\" class=\"yoast-schema-graph\">{\"@context\":\"https:\/\/schema.org\",\"@graph\":[{\"@type\":\"WebPage\",\"@id\":\"http:\/\/stald-hauge.dk\/index.php\/faar\/valais-black-nose\/bambi-valais-black-nose\/\",\"url\":\"http:\/\/stald-hauge.dk\/index.php\/faar\/valais-black-nose\/bambi-valais-black-nose\/\",\"name\":\"Bambi - Valais black nose - Stald Hauge\",\"isPartOf\":{\"@id\":\"https:\/\/stald-hauge.dk\/#website\"},\"primaryImageOfPage\":{\"@id\":\"http:\/\/stald-hauge.dk\/index.php\/faar\/valais-black-nose\/bambi-valais-black-nose\/#primaryimage\"},\"image\":{\"@id\":\"http:\/\/stald-hauge.dk\/index.php\/faar\/valais-black-nose\/bambi-valais-black-nose\/#primaryimage\"},\"thumbnailUrl\":\"http:\/\/stald-hauge.dk\/wp-content\/uploads\/2024\/12\/Bambi1-700x394.jpeg\",\"datePublished\":\"2024-08-15T07:39:39+00:00\",\"dateModified\":\"2024-12-26T17:17:23+00:00\",\"breadcrumb\":{\"@id\":\"http:\/\/stald-hauge.dk\/index.php\/faar\/valais-black-nose\/bambi-valais-black-nose\/#breadcrumb\"},\"inLanguage\":\"da-DK\",\"potentialAction\":[{\"@type\":\"ReadAction\",\"target\":[\"http:\/\/stald-hauge.dk\/index.php\/faar\/valais-black-nose\/bambi-valais-black-nose\/\"]}]},{\"@type\":\"ImageObject\",\"inLanguage\":\"da-DK\",\"@id\":\"http:\/\/stald-hauge.dk\/index.php\/faar\/valais-black-nose\/bambi-valais-black-nose\/#primaryimage\",\"url\":\"http:\/\/stald-hauge.dk\/wp-content\/uploads\/2024\/12\/Bambi1.jpeg\",\"contentUrl\":\"http:\/\/stald-hauge.dk\/wp-content\/uploads\/2024\/12\/Bambi1.jpeg\",\"width\":768,\"height\":432},{\"@type\":\"BreadcrumbList\",\"@id\":\"http:\/\/stald-hauge.dk\/index.php\/faar\/valais-black-nose\/bambi-valais-black-nose\/#breadcrumb\",\"itemListElement\":[{\"@type\":\"ListItem\",\"position\":1,\"name\":\"Hjem\",\"item\":\"https:\/\/stald-hauge.dk\/\"},{\"@type\":\"ListItem\",\"position\":2,\"name\":\"F\u00e5r\",\"item\":\"http:\/\/stald-hauge.dk\/index.php\/faar\/\"},{\"@type\":\"ListItem\",\"position\":3,\"name\":\"Valais Black Nose\",\"item\":\"http:\/\/stald-hauge.dk\/index.php\/faar\/valais-black-nose\/\"},{\"@type\":\"ListItem\",\"position\":4,\"name\":\"Bambi &#8211; Valais black nose\"}]},{\"@type\":\"WebSite\",\"@id\":\"https:\/\/stald-hauge.dk\/#website\",\"url\":\"https:\/\/stald-hauge.dk\/\",\"name\":\"Stald Hauge\",\"description\":\"v\/Lise Hauge S\u00f8rensen\",\"publisher\":{\"@id\":\"https:\/\/stald-hauge.dk\/#\/schema\/person\/5e9342de63bcc5037d653908c024bc01\"},\"potentialAction\":[{\"@type\":\"SearchAction\",\"target\":{\"@type\":\"EntryPoint\",\"urlTemplate\":\"https:\/\/stald-hauge.dk\/?s={search_term_string}\"},\"query-input\":{\"@type\":\"PropertyValueSpecification\",\"valueRequired\":true,\"valueName\":\"search_term_string\"}}],\"inLanguage\":\"da-DK\"},{\"@type\":[\"Person\",\"Organization\"],\"@id\":\"https:\/\/stald-hauge.dk\/#\/schema\/person\/5e9342de63bcc5037d653908c024bc01\",\"name\":\"admin\",\"image\":{\"@type\":\"ImageObject\",\"inLanguage\":\"da-DK\",\"@id\":\"https:\/\/stald-hauge.dk\/#\/schema\/person\/image\/\",\"url\":\"https:\/\/secure.gravatar.com\/avatar\/cb52025513d5b4d5bf079f09f5aae21c223852877c5a747e37ab431711bb309d?s=96&d=mm&r=g\",\"contentUrl\":\"https:\/\/secure.gravatar.com\/avatar\/cb52025513d5b4d5bf079f09f5aae21c223852877c5a747e37ab431711bb309d?s=96&d=mm&r=g\",\"caption\":\"admin\"},\"logo\":{\"@id\":\"https:\/\/stald-hauge.dk\/#\/schema\/person\/image\/\"},\"sameAs\":[\"http:\/\/stald-hauge.dk\",\"https:\/\/www.facebook.com\/lisehauge\/\"]}]}<\/script>\n<!-- \/ Yoast SEO plugin. -->","yoast_head_json":{"title":"Bambi - Valais black nose - Stald Hauge","robots":{"index":"index","follow":"follow","max-snippet":"max-snippet:-1","max-image-preview":"max-image-preview:large","max-video-preview":"max-video-preview:-1"},"canonical":"http:\/\/stald-hauge.dk\/index.php\/faar\/valais-black-nose\/bambi-valais-black-nose\/","og_locale":"da_DK","og_type":"article","og_title":"Bambi - Valais black nose - Stald Hauge","og_description":"Bambi &#8211; vores lam fra december 2023, som endte som flaskelam, da hun ikke kunne st\u00e5 p\u00e5 benene fra start af. Bambi er nu solgt og bor ikke l\u00e6ngere hos os.","og_url":"http:\/\/stald-hauge.dk\/index.php\/faar\/valais-black-nose\/bambi-valais-black-nose\/","og_site_name":"Stald Hauge","article_publisher":"https:\/\/www.facebook.com\/lisehauge\/","article_modified_time":"2024-12-26T17:17:23+00:00","og_image":[{"url":"http:\/\/stald-hauge.dk\/wp-content\/uploads\/2024\/12\/Bambi1-700x394.jpeg","type":"","width":"","height":""}],"twitter_card":"summary_large_image","schema":{"@context":"https:\/\/schema.org","@graph":[{"@type":"WebPage","@id":"http:\/\/stald-hauge.dk\/index.php\/faar\/valais-black-nose\/bambi-valais-black-nose\/","url":"http:\/\/stald-hauge.dk\/index.php\/faar\/valais-black-nose\/bambi-valais-black-nose\/","name":"Bambi - Valais black nose - Stald Hauge","isPartOf":{"@id":"https:\/\/stald-hauge.dk\/#website"},"primaryImageOfPage":{"@id":"http:\/\/stald-hauge.dk\/index.php\/faar\/valais-black-nose\/bambi-valais-black-nose\/#primaryimage"},"image":{"@id":"http:\/\/stald-hauge.dk\/index.php\/faar\/valais-black-nose\/bambi-valais-black-nose\/#primaryimage"},"thumbnailUrl":"http:\/\/stald-hauge.dk\/wp-content\/uploads\/2024\/12\/Bambi1-700x394.jpeg","datePublished":"2024-08-15T07:39:39+00:00","dateModified":"2024-12-26T17:17:23+00:00","breadcrumb":{"@id":"http:\/\/stald-hauge.dk\/index.php\/faar\/valais-black-nose\/bambi-valais-black-nose\/#breadcrumb"},"inLanguage":"da-DK","potentialAction":[{"@type":"ReadAction","target":["http:\/\/stald-hauge.dk\/index.php\/faar\/valais-black-nose\/bambi-valais-black-nose\/"]}]},{"@type":"ImageObject","inLanguage":"da-DK","@id":"http:\/\/stald-hauge.dk\/index.php\/faar\/valais-black-nose\/bambi-valais-black-nose\/#primaryimage","url":"http:\/\/stald-hauge.dk\/wp-content\/uploads\/2024\/12\/Bambi1.jpeg","contentUrl":"http:\/\/stald-hauge.dk\/wp-content\/uploads\/2024\/12\/Bambi1.jpeg","width":768,"height":432},{"@type":"BreadcrumbList","@id":"http:\/\/stald-hauge.dk\/index.php\/faar\/valais-black-nose\/bambi-valais-black-nose\/#breadcrumb","itemListElement":[{"@type":"ListItem","position":1,"name":"Hjem","item":"https:\/\/stald-hauge.dk\/"},{"@type":"ListItem","position":2,"name":"F\u00e5r","item":"http:\/\/stald-hauge.dk\/index.php\/faar\/"},{"@type":"ListItem","position":3,"name":"Valais Black Nose","item":"http:\/\/stald-hauge.dk\/index.php\/faar\/valais-black-nose\/"},{"@type":"ListItem","position":4,"name":"Bambi &#8211; Valais black nose"}]},{"@type":"WebSite","@id":"https:\/\/stald-hauge.dk\/#website","url":"https:\/\/stald-hauge.dk\/","name":"Stald Hauge","description":"v\/Lise Hauge S\u00f8rensen","publisher":{"@id":"https:\/\/stald-hauge.dk\/#\/schema\/person\/5e9342de63bcc5037d653908c024bc01"},"potentialAction":[{"@type":"SearchAction","target":{"@type":"EntryPoint","urlTemplate":"https:\/\/stald-hauge.dk\/?s={search_term_string}"},"query-input":{"@type":"PropertyValueSpecification","valueRequired":true,"valueName":"search_term_string"}}],"inLanguage":"da-DK"},{"@type":["Person","Organization"],"@id":"https:\/\/stald-hauge.dk\/#\/schema\/person\/5e9342de63bcc5037d653908c024bc01","name":"admin","image":{"@type":"ImageObject","inLanguage":"da-DK","@id":"https:\/\/stald-hauge.dk\/#\/schema\/person\/image\/","url":"https:\/\/secure.gravatar.com\/avatar\/cb52025513d5b4d5bf079f09f5aae21c223852877c5a747e37ab431711bb309d?s=96&d=mm&r=g","contentUrl":"https:\/\/secure.gravatar.com\/avatar\/cb52025513d5b4d5bf079f09f5aae21c223852877c5a747e37ab431711bb309d?s=96&d=mm&r=g","caption":"admin"},"logo":{"@id":"https:\/\/stald-hauge.dk\/#\/schema\/person\/image\/"},"sameAs":["http:\/\/stald-hauge.dk","https:\/\/www.facebook.com\/lisehauge\/"]}]}},"_links":{"self":[{"href":"http:\/\/stald-hauge.dk\/index.php\/wp-json\/wp\/v2\/pages\/246","targetHints":{"allow":["GET"]}}],"collection":[{"href":"http:\/\/stald-hauge.dk\/index.php\/wp-json\/wp\/v2\/pages"}],"about":[{"href":"http:\/\/stald-hauge.dk\/index.php\/wp-json\/wp\/v2\/types\/page"}],"author":[{"embeddable":true,"href":"http:\/\/stald-hauge.dk\/index.php\/wp-json\/wp\/v2\/users\/1"}],"replies":[{"embeddable":true,"href":"http:\/\/stald-hauge.dk\/index.php\/wp-json\/wp\/v2\/comments?post=246"}],"version-history":[{"count":4,"href":"http:\/\/stald-hauge.dk\/index.php\/wp-json\/wp\/v2\/pages\/246\/revisions"}],"predecessor-version":[{"id":2770,"href":"http:\/\/stald-hauge.dk\/index.php\/wp-json\/wp\/v2\/pages\/246\/revisions\/2770"}],"up":[{"embeddable":true,"href":"http:\/\/stald-hauge.dk\/index.php\/wp-json\/wp\/v2\/pages\/32"}],"wp:attachment":[{"href":"http:\/\/stald-hauge.dk\/index.php\/wp-json\/wp\/v2\/media?parent=246"}],"curies":[{"name":"wp","href":"https:\/\/api.w.org\/{rel}","templated":true}]}}

<p style="text-align: center;"><img loading="lazy" decoding="async" class="alignnone size-large wp-image-2704" src="http://stald-hauge.dk/wp-content/uploads/2024/12/Bambi1-700x394.jpeg" alt="" width="640" height="360" srcset="http://stald-hauge.dk/wp-content/uploads/2024/12/Bambi1-700x394.jpeg 700w, http://stald-hauge.dk/wp-content/uploads/2024/12/Bambi1-300x169.jpeg 300w, http://stald-hauge.dk/wp-content/uploads/2024/12/Bambi1.jpeg 768w" sizes="auto, (max-width: 640px) 100vw, 640px" /></p>
<p style="text-align: center;">Bambi &#8211; vores lam fra december 2023, som endte som flaskelam, da hun ikke kunne stå på benene fra start af.</p>
<p style="text-align: center;">Bambi er nu solgt og bor ikke længere hos os.</p>
<p style="text-align: center;"><img loading="lazy" decoding="async" class="alignnone size-full wp-image-2706" src="http://stald-hauge.dk/wp-content/uploads/2024/12/bambi3.jpeg" alt="" width="300" height="169" /> <img loading="lazy" decoding="async" class="alignnone size-full wp-image-2708" src="http://stald-hauge.dk/wp-content/uploads/2024/12/bambi5.jpeg" alt="" width="300" height="169" /> <img loading="lazy" decoding="async" class="alignnone size-full wp-image-2707" src="http://stald-hauge.dk/wp-content/uploads/2024/12/bambi4.jpeg" alt="" width="300" height="169" /></p>

<p>Bambi &#8211; vores lam fra december 2023, som endte som flaskelam, da hun ikke kunne stå på benene fra start af. Bambi er nu solgt og bor ikke længere hos os.</p>

<!-- This site is optimized with the Yoast SEO plugin v25.3.1 - https://yoast.com/wordpress/plugins/seo/ -->
<title>Bambi - Valais black nose - Stald Hauge</title>
<meta name="robots" content="index, follow, max-snippet:-1, max-image-preview:large, max-video-preview:-1" />
<link rel="canonical" href="http://stald-hauge.dk/index.php/faar/valais-black-nose/bambi-valais-black-nose/" />
<meta property="og:locale" content="da_DK" />
<meta property="og:type" content="article" />
<meta property="og:title" content="Bambi - Valais black nose - Stald Hauge" />
<meta property="og:description" content="Bambi &#8211; vores lam fra december 2023, som endte som flaskelam, da hun ikke kunne stå på benene fra start af. Bambi er nu solgt og bor ikke længere hos os." />
<meta property="og:url" content="http://stald-hauge.dk/index.php/faar/valais-black-nose/bambi-valais-black-nose/" />
<meta property="og:site_name" content="Stald Hauge" />
<meta property="article:publisher" content="https://www.facebook.com/lisehauge/" />
<meta property="article:modified_time" content="2024-12-26T17:17:23+00:00" />
<meta property="og:image" content="http://stald-hauge.dk/wp-content/uploads/2024/12/Bambi1-700x394.jpeg" />
<meta name="twitter:card" content="summary_large_image" />
<script type="application/ld+json" class="yoast-schema-graph">{"@context":"https://schema.org","@graph":[{"@type":"WebPage","@id":"http://stald-hauge.dk/index.php/faar/valais-black-nose/bambi-valais-black-nose/","url":"http://stald-hauge.dk/index.php/faar/valais-black-nose/bambi-valais-black-nose/","name":"Bambi - Valais black nose - Stald Hauge","isPartOf":{"@id":"https://stald-hauge.dk/#website"},"primaryImageOfPage":{"@id":"http://stald-hauge.dk/index.php/faar/valais-black-nose/bambi-valais-black-nose/#primaryimage"},"image":{"@id":"http://stald-hauge.dk/index.php/faar/valais-black-nose/bambi-valais-black-nose/#primaryimage"},"thumbnailUrl":"http://stald-hauge.dk/wp-content/uploads/2024/12/Bambi1-700x394.jpeg","datePublished":"2024-08-15T07:39:39+00:00","dateModified":"2024-12-26T17:17:23+00:00","breadcrumb":{"@id":"http://stald-hauge.dk/index.php/faar/valais-black-nose/bambi-valais-black-nose/#breadcrumb"},"inLanguage":"da-DK","potentialAction":[{"@type":"ReadAction","target":["http://stald-hauge.dk/index.php/faar/valais-black-nose/bambi-valais-black-nose/"]}]},{"@type":"ImageObject","inLanguage":"da-DK","@id":"http://stald-hauge.dk/index.php/faar/valais-black-nose/bambi-valais-black-nose/#primaryimage","url":"http://stald-hauge.dk/wp-content/uploads/2024/12/Bambi1.jpeg","contentUrl":"http://stald-hauge.dk/wp-content/uploads/2024/12/Bambi1.jpeg","width":768,"height":432},{"@type":"BreadcrumbList","@id":"http://stald-hauge.dk/index.php/faar/valais-black-nose/bambi-valais-black-nose/#breadcrumb","itemListElement":[{"@type":"ListItem","position":1,"name":"Hjem","item":"https://stald-hauge.dk/"},{"@type":"ListItem","position":2,"name":"Får","item":"http://stald-hauge.dk/index.php/faar/"},{"@type":"ListItem","position":3,"name":"Valais Black Nose","item":"http://stald-hauge.dk/index.php/faar/valais-black-nose/"},{"@type":"ListItem","position":4,"name":"Bambi &#8211; Valais black nose"}]},{"@type":"WebSite","@id":"https://stald-hauge.dk/#website","url":"https://stald-hauge.dk/","name":"Stald Hauge","description":"v/Lise Hauge Sørensen","publisher":{"@id":"https://stald-hauge.dk/#/schema/person/5e9342de63bcc5037d653908c024bc01"},"potentialAction":[{"@type":"SearchAction","target":{"@type":"EntryPoint","urlTemplate":"https://stald-hauge.dk/?s={search_term_string}"},"query-input":{"@type":"PropertyValueSpecification","valueRequired":true,"valueName":"search_term_string"}}],"inLanguage":"da-DK"},{"@type":["Person","Organization"],"@id":"https://stald-hauge.dk/#/schema/person/5e9342de63bcc5037d653908c024bc01","name":"admin","image":{"@type":"ImageObject","inLanguage":"da-DK","@id":"https://stald-hauge.dk/#/schema/person/image/","url":"https://secure.gravatar.com/avatar/cb52025513d5b4d5bf079f09f5aae21c223852877c5a747e37ab431711bb309d?s=96&d=mm&r=g","contentUrl":"https://secure.gravatar.com/avatar/cb52025513d5b4d5bf079f09f5aae21c223852877c5a747e37ab431711bb309d?s=96&d=mm&r=g","caption":"admin"},"logo":{"@id":"https://stald-hauge.dk/#/schema/person/image/"},"sameAs":["http://stald-hauge.dk","https://www.facebook.com/lisehauge/"]}]}</script>
<!-- / Yoast SEO plugin. -->

Bambi &#8211; vores lam fra december 2023, som endte som flaskelam, da hun ikke kunne stå på benene fra start af. Bambi er nu solgt og bor ikke længere hos os.

Får

v/Lise Hauge Sørensen
