{"id":38,"date":"2024-08-14T17:31:35","date_gmt":"2024-08-14T17:31:35","guid":{"rendered":"https:\/\/stald-hauge.dk\/?page_id=38"},"modified":"2024-12-26T17:18:18","modified_gmt":"2024-12-26T17:18:18","slug":"betty-valais-black-nose","status":"publish","type":"page","link":"http:\/\/stald-hauge.dk\/index.php\/faar\/valais-black-nose\/betty-valais-black-nose\/","title":{"rendered":"Betty &#8211; Valais black nose"},"content":{"rendered":"<p style=\"text-align: center;\"><img loading=\"lazy\" decoding=\"async\" class=\"alignnone size-large wp-image-2709\" src=\"http:\/\/stald-hauge.dk\/wp-content\/uploads\/2024\/12\/Betty-700x467.jpeg\" alt=\"\" width=\"640\" height=\"427\" srcset=\"http:\/\/stald-hauge.dk\/wp-content\/uploads\/2024\/12\/Betty-700x467.jpeg 700w, http:\/\/stald-hauge.dk\/wp-content\/uploads\/2024\/12\/Betty-300x200.jpeg 300w, http:\/\/stald-hauge.dk\/wp-content\/uploads\/2024\/12\/Betty.jpeg 768w\" sizes=\"auto, (max-width: 640px) 100vw, 640px\" \/><\/p>\n<p style=\"text-align: center;\">Betty er f\u00f8dt i maj 2021.<\/p>\n<p style=\"text-align: center;\">Hun er ren Valais black nose.<\/p>\n<p style=\"text-align: center;\">Hendes mor hedder Heidi og hendes far hedde Theo.<\/p>\n<p style=\"text-align: center;\">Hun er opdr\u00e6ttet p\u00e5 fyn hos Brian Kristensen<\/p>\n<p style=\"text-align: center;\">Hun flyttede hertil d. 30. april 2023.<\/p>\n<p style=\"text-align: center;\"><img loading=\"lazy\" decoding=\"async\" class=\"alignnone size-full wp-image-2712\" src=\"http:\/\/stald-hauge.dk\/wp-content\/uploads\/2024\/12\/Betty3.jpeg\" alt=\"\" width=\"300\" height=\"200\" \/> <img loading=\"lazy\" decoding=\"async\" class=\"alignnone size-full wp-image-2710\" src=\"http:\/\/stald-hauge.dk\/wp-content\/uploads\/2024\/12\/Betty1.jpeg\" alt=\"\" width=\"300\" height=\"200\" \/> <img loading=\"lazy\" decoding=\"async\" class=\"alignnone size-full wp-image-2714\" src=\"http:\/\/stald-hauge.dk\/wp-content\/uploads\/2024\/12\/Betty5.jpeg\" alt=\"\" width=\"300\" height=\"200\" \/> <img loading=\"lazy\" decoding=\"async\" class=\"alignnone size-full wp-image-2711\" src=\"http:\/\/stald-hauge.dk\/wp-content\/uploads\/2024\/12\/Betty2.jpeg\" alt=\"\" width=\"300\" height=\"200\" \/> <img loading=\"lazy\" decoding=\"async\" class=\"alignnone size-full wp-image-2713\" src=\"http:\/\/stald-hauge.dk\/wp-content\/uploads\/2024\/12\/Betty4.jpeg\" alt=\"\" width=\"300\" height=\"200\" \/><\/p>\n<p style=\"text-align: center;\">\n","protected":false},"excerpt":{"rendered":"<p>Betty er f\u00f8dt i maj 2021. Hun er ren Valais black nose. Hendes mor hedder Heidi og hendes far hedde Theo. Hun er opdr\u00e6ttet p\u00e5 fyn hos Brian Kristensen Hun flyttede hertil d. 30. april 2023.<\/p>\n","protected":false},"author":1,"featured_media":0,"parent":32,"menu_order":0,"comment_status":"closed","ping_status":"closed","template":"onecolumn-page.php","meta":{"footnotes":""},"class_list":["post-38","page","type-page","status-publish","hentry"],"yoast_head":"<!-- This site is optimized with the Yoast SEO plugin v25.3.1 - https:\/\/yoast.com\/wordpress\/plugins\/seo\/ -->\n<title>Betty - Valais black nose - Stald Hauge<\/title>\n<meta name=\"robots\" content=\"index, follow, max-snippet:-1, max-image-preview:large, max-video-preview:-1\" \/>\n<link rel=\"canonical\" href=\"https:\/\/stald-hauge.dk\/index.php\/faar\/valais-black-nose\/betty-valais-black-nose\/\" \/>\n<meta property=\"og:locale\" content=\"da_DK\" \/>\n<meta property=\"og:type\" content=\"article\" \/>\n<meta property=\"og:title\" content=\"Betty - Valais black nose - Stald Hauge\" \/>\n<meta property=\"og:description\" content=\"Betty er f\u00f8dt i maj 2021. Hun er ren Valais black nose. Hendes mor hedder Heidi og hendes far hedde Theo. Hun er opdr\u00e6ttet p\u00e5 fyn hos Brian Kristensen Hun flyttede hertil d. 30. april 2023.\" \/>\n<meta property=\"og:url\" content=\"https:\/\/stald-hauge.dk\/index.php\/faar\/valais-black-nose\/betty-valais-black-nose\/\" \/>\n<meta property=\"og:site_name\" content=\"Stald Hauge\" \/>\n<meta property=\"article:publisher\" content=\"https:\/\/www.facebook.com\/lisehauge\/\" \/>\n<meta property=\"article:modified_time\" content=\"2024-12-26T17:18:18+00:00\" \/>\n<meta property=\"og:image\" content=\"http:\/\/stald-hauge.dk\/wp-content\/uploads\/2024\/12\/Betty-700x467.jpeg\" \/>\n<meta name=\"twitter:card\" content=\"summary_large_image\" \/>\n<script type=\"application\/ld+json\" class=\"yoast-schema-graph\">{\"@context\":\"https:\/\/schema.org\",\"@graph\":[{\"@type\":\"WebPage\",\"@id\":\"https:\/\/stald-hauge.dk\/index.php\/faar\/valais-black-nose\/betty-valais-black-nose\/\",\"url\":\"https:\/\/stald-hauge.dk\/index.php\/faar\/valais-black-nose\/betty-valais-black-nose\/\",\"name\":\"Betty - Valais black nose - Stald Hauge\",\"isPartOf\":{\"@id\":\"https:\/\/stald-hauge.dk\/#website\"},\"primaryImageOfPage\":{\"@id\":\"https:\/\/stald-hauge.dk\/index.php\/faar\/valais-black-nose\/betty-valais-black-nose\/#primaryimage\"},\"image\":{\"@id\":\"https:\/\/stald-hauge.dk\/index.php\/faar\/valais-black-nose\/betty-valais-black-nose\/#primaryimage\"},\"thumbnailUrl\":\"http:\/\/stald-hauge.dk\/wp-content\/uploads\/2024\/12\/Betty-700x467.jpeg\",\"datePublished\":\"2024-08-14T17:31:35+00:00\",\"dateModified\":\"2024-12-26T17:18:18+00:00\",\"breadcrumb\":{\"@id\":\"https:\/\/stald-hauge.dk\/index.php\/faar\/valais-black-nose\/betty-valais-black-nose\/#breadcrumb\"},\"inLanguage\":\"da-DK\",\"potentialAction\":[{\"@type\":\"ReadAction\",\"target\":[\"https:\/\/stald-hauge.dk\/index.php\/faar\/valais-black-nose\/betty-valais-black-nose\/\"]}]},{\"@type\":\"ImageObject\",\"inLanguage\":\"da-DK\",\"@id\":\"https:\/\/stald-hauge.dk\/index.php\/faar\/valais-black-nose\/betty-valais-black-nose\/#primaryimage\",\"url\":\"http:\/\/stald-hauge.dk\/wp-content\/uploads\/2024\/12\/Betty.jpeg\",\"contentUrl\":\"http:\/\/stald-hauge.dk\/wp-content\/uploads\/2024\/12\/Betty.jpeg\",\"width\":768,\"height\":512},{\"@type\":\"BreadcrumbList\",\"@id\":\"https:\/\/stald-hauge.dk\/index.php\/faar\/valais-black-nose\/betty-valais-black-nose\/#breadcrumb\",\"itemListElement\":[{\"@type\":\"ListItem\",\"position\":1,\"name\":\"Hjem\",\"item\":\"https:\/\/stald-hauge.dk\/\"},{\"@type\":\"ListItem\",\"position\":2,\"name\":\"F\u00e5r\",\"item\":\"http:\/\/stald-hauge.dk\/index.php\/faar\/\"},{\"@type\":\"ListItem\",\"position\":3,\"name\":\"Valais Black Nose\",\"item\":\"http:\/\/stald-hauge.dk\/index.php\/faar\/valais-black-nose\/\"},{\"@type\":\"ListItem\",\"position\":4,\"name\":\"Betty &#8211; Valais black nose\"}]},{\"@type\":\"WebSite\",\"@id\":\"https:\/\/stald-hauge.dk\/#website\",\"url\":\"https:\/\/stald-hauge.dk\/\",\"name\":\"Stald Hauge\",\"description\":\"v\/Lise Hauge S\u00f8rensen\",\"publisher\":{\"@id\":\"https:\/\/stald-hauge.dk\/#\/schema\/person\/5e9342de63bcc5037d653908c024bc01\"},\"potentialAction\":[{\"@type\":\"SearchAction\",\"target\":{\"@type\":\"EntryPoint\",\"urlTemplate\":\"https:\/\/stald-hauge.dk\/?s={search_term_string}\"},\"query-input\":{\"@type\":\"PropertyValueSpecification\",\"valueRequired\":true,\"valueName\":\"search_term_string\"}}],\"inLanguage\":\"da-DK\"},{\"@type\":[\"Person\",\"Organization\"],\"@id\":\"https:\/\/stald-hauge.dk\/#\/schema\/person\/5e9342de63bcc5037d653908c024bc01\",\"name\":\"admin\",\"image\":{\"@type\":\"ImageObject\",\"inLanguage\":\"da-DK\",\"@id\":\"https:\/\/stald-hauge.dk\/#\/schema\/person\/image\/\",\"url\":\"https:\/\/secure.gravatar.com\/avatar\/cb52025513d5b4d5bf079f09f5aae21c223852877c5a747e37ab431711bb309d?s=96&d=mm&r=g\",\"contentUrl\":\"https:\/\/secure.gravatar.com\/avatar\/cb52025513d5b4d5bf079f09f5aae21c223852877c5a747e37ab431711bb309d?s=96&d=mm&r=g\",\"caption\":\"admin\"},\"logo\":{\"@id\":\"https:\/\/stald-hauge.dk\/#\/schema\/person\/image\/\"},\"sameAs\":[\"http:\/\/stald-hauge.dk\",\"https:\/\/www.facebook.com\/lisehauge\/\"]}]}<\/script>\n<!-- \/ Yoast SEO plugin. -->","yoast_head_json":{"title":"Betty - Valais black nose - Stald Hauge","robots":{"index":"index","follow":"follow","max-snippet":"max-snippet:-1","max-image-preview":"max-image-preview:large","max-video-preview":"max-video-preview:-1"},"canonical":"https:\/\/stald-hauge.dk\/index.php\/faar\/valais-black-nose\/betty-valais-black-nose\/","og_locale":"da_DK","og_type":"article","og_title":"Betty - Valais black nose - Stald Hauge","og_description":"Betty er f\u00f8dt i maj 2021. Hun er ren Valais black nose. Hendes mor hedder Heidi og hendes far hedde Theo. Hun er opdr\u00e6ttet p\u00e5 fyn hos Brian Kristensen Hun flyttede hertil d. 30. april 2023.","og_url":"https:\/\/stald-hauge.dk\/index.php\/faar\/valais-black-nose\/betty-valais-black-nose\/","og_site_name":"Stald Hauge","article_publisher":"https:\/\/www.facebook.com\/lisehauge\/","article_modified_time":"2024-12-26T17:18:18+00:00","og_image":[{"url":"http:\/\/stald-hauge.dk\/wp-content\/uploads\/2024\/12\/Betty-700x467.jpeg","type":"","width":"","height":""}],"twitter_card":"summary_large_image","schema":{"@context":"https:\/\/schema.org","@graph":[{"@type":"WebPage","@id":"https:\/\/stald-hauge.dk\/index.php\/faar\/valais-black-nose\/betty-valais-black-nose\/","url":"https:\/\/stald-hauge.dk\/index.php\/faar\/valais-black-nose\/betty-valais-black-nose\/","name":"Betty - Valais black nose - Stald Hauge","isPartOf":{"@id":"https:\/\/stald-hauge.dk\/#website"},"primaryImageOfPage":{"@id":"https:\/\/stald-hauge.dk\/index.php\/faar\/valais-black-nose\/betty-valais-black-nose\/#primaryimage"},"image":{"@id":"https:\/\/stald-hauge.dk\/index.php\/faar\/valais-black-nose\/betty-valais-black-nose\/#primaryimage"},"thumbnailUrl":"http:\/\/stald-hauge.dk\/wp-content\/uploads\/2024\/12\/Betty-700x467.jpeg","datePublished":"2024-08-14T17:31:35+00:00","dateModified":"2024-12-26T17:18:18+00:00","breadcrumb":{"@id":"https:\/\/stald-hauge.dk\/index.php\/faar\/valais-black-nose\/betty-valais-black-nose\/#breadcrumb"},"inLanguage":"da-DK","potentialAction":[{"@type":"ReadAction","target":["https:\/\/stald-hauge.dk\/index.php\/faar\/valais-black-nose\/betty-valais-black-nose\/"]}]},{"@type":"ImageObject","inLanguage":"da-DK","@id":"https:\/\/stald-hauge.dk\/index.php\/faar\/valais-black-nose\/betty-valais-black-nose\/#primaryimage","url":"http:\/\/stald-hauge.dk\/wp-content\/uploads\/2024\/12\/Betty.jpeg","contentUrl":"http:\/\/stald-hauge.dk\/wp-content\/uploads\/2024\/12\/Betty.jpeg","width":768,"height":512},{"@type":"BreadcrumbList","@id":"https:\/\/stald-hauge.dk\/index.php\/faar\/valais-black-nose\/betty-valais-black-nose\/#breadcrumb","itemListElement":[{"@type":"ListItem","position":1,"name":"Hjem","item":"https:\/\/stald-hauge.dk\/"},{"@type":"ListItem","position":2,"name":"F\u00e5r","item":"http:\/\/stald-hauge.dk\/index.php\/faar\/"},{"@type":"ListItem","position":3,"name":"Valais Black Nose","item":"http:\/\/stald-hauge.dk\/index.php\/faar\/valais-black-nose\/"},{"@type":"ListItem","position":4,"name":"Betty &#8211; Valais black nose"}]},{"@type":"WebSite","@id":"https:\/\/stald-hauge.dk\/#website","url":"https:\/\/stald-hauge.dk\/","name":"Stald Hauge","description":"v\/Lise Hauge S\u00f8rensen","publisher":{"@id":"https:\/\/stald-hauge.dk\/#\/schema\/person\/5e9342de63bcc5037d653908c024bc01"},"potentialAction":[{"@type":"SearchAction","target":{"@type":"EntryPoint","urlTemplate":"https:\/\/stald-hauge.dk\/?s={search_term_string}"},"query-input":{"@type":"PropertyValueSpecification","valueRequired":true,"valueName":"search_term_string"}}],"inLanguage":"da-DK"},{"@type":["Person","Organization"],"@id":"https:\/\/stald-hauge.dk\/#\/schema\/person\/5e9342de63bcc5037d653908c024bc01","name":"admin","image":{"@type":"ImageObject","inLanguage":"da-DK","@id":"https:\/\/stald-hauge.dk\/#\/schema\/person\/image\/","url":"https:\/\/secure.gravatar.com\/avatar\/cb52025513d5b4d5bf079f09f5aae21c223852877c5a747e37ab431711bb309d?s=96&d=mm&r=g","contentUrl":"https:\/\/secure.gravatar.com\/avatar\/cb52025513d5b4d5bf079f09f5aae21c223852877c5a747e37ab431711bb309d?s=96&d=mm&r=g","caption":"admin"},"logo":{"@id":"https:\/\/stald-hauge.dk\/#\/schema\/person\/image\/"},"sameAs":["http:\/\/stald-hauge.dk","https:\/\/www.facebook.com\/lisehauge\/"]}]}},"_links":{"self":[{"href":"http:\/\/stald-hauge.dk\/index.php\/wp-json\/wp\/v2\/pages\/38","targetHints":{"allow":["GET"]}}],"collection":[{"href":"http:\/\/stald-hauge.dk\/index.php\/wp-json\/wp\/v2\/pages"}],"about":[{"href":"http:\/\/stald-hauge.dk\/index.php\/wp-json\/wp\/v2\/types\/page"}],"author":[{"embeddable":true,"href":"http:\/\/stald-hauge.dk\/index.php\/wp-json\/wp\/v2\/users\/1"}],"replies":[{"embeddable":true,"href":"http:\/\/stald-hauge.dk\/index.php\/wp-json\/wp\/v2\/comments?post=38"}],"version-history":[{"count":3,"href":"http:\/\/stald-hauge.dk\/index.php\/wp-json\/wp\/v2\/pages\/38\/revisions"}],"predecessor-version":[{"id":2771,"href":"http:\/\/stald-hauge.dk\/index.php\/wp-json\/wp\/v2\/pages\/38\/revisions\/2771"}],"up":[{"embeddable":true,"href":"http:\/\/stald-hauge.dk\/index.php\/wp-json\/wp\/v2\/pages\/32"}],"wp:attachment":[{"href":"http:\/\/stald-hauge.dk\/index.php\/wp-json\/wp\/v2\/media?parent=38"}],"curies":[{"name":"wp","href":"https:\/\/api.w.org\/{rel}","templated":true}]}}

<p style="text-align: center;"><img loading="lazy" decoding="async" class="alignnone size-large wp-image-2709" src="http://stald-hauge.dk/wp-content/uploads/2024/12/Betty-700x467.jpeg" alt="" width="640" height="427" srcset="http://stald-hauge.dk/wp-content/uploads/2024/12/Betty-700x467.jpeg 700w, http://stald-hauge.dk/wp-content/uploads/2024/12/Betty-300x200.jpeg 300w, http://stald-hauge.dk/wp-content/uploads/2024/12/Betty.jpeg 768w" sizes="auto, (max-width: 640px) 100vw, 640px" /></p>
<p style="text-align: center;">Betty er født i maj 2021.</p>
<p style="text-align: center;">Hun er ren Valais black nose.</p>
<p style="text-align: center;">Hendes mor hedder Heidi og hendes far hedde Theo.</p>
<p style="text-align: center;">Hun er opdrættet på fyn hos Brian Kristensen</p>
<p style="text-align: center;">Hun flyttede hertil d. 30. april 2023.</p>
<p style="text-align: center;"><img loading="lazy" decoding="async" class="alignnone size-full wp-image-2712" src="http://stald-hauge.dk/wp-content/uploads/2024/12/Betty3.jpeg" alt="" width="300" height="200" /> <img loading="lazy" decoding="async" class="alignnone size-full wp-image-2710" src="http://stald-hauge.dk/wp-content/uploads/2024/12/Betty1.jpeg" alt="" width="300" height="200" /> <img loading="lazy" decoding="async" class="alignnone size-full wp-image-2714" src="http://stald-hauge.dk/wp-content/uploads/2024/12/Betty5.jpeg" alt="" width="300" height="200" /> <img loading="lazy" decoding="async" class="alignnone size-full wp-image-2711" src="http://stald-hauge.dk/wp-content/uploads/2024/12/Betty2.jpeg" alt="" width="300" height="200" /> <img loading="lazy" decoding="async" class="alignnone size-full wp-image-2713" src="http://stald-hauge.dk/wp-content/uploads/2024/12/Betty4.jpeg" alt="" width="300" height="200" /></p>
<p style="text-align: center;">

<p>Betty er født i maj 2021. Hun er ren Valais black nose. Hendes mor hedder Heidi og hendes far hedde Theo. Hun er opdrættet på fyn hos Brian Kristensen Hun flyttede hertil d. 30. april 2023.</p>

<!-- This site is optimized with the Yoast SEO plugin v25.3.1 - https://yoast.com/wordpress/plugins/seo/ -->
<title>Betty - Valais black nose - Stald Hauge</title>
<meta name="robots" content="index, follow, max-snippet:-1, max-image-preview:large, max-video-preview:-1" />
<link rel="canonical" href="https://stald-hauge.dk/index.php/faar/valais-black-nose/betty-valais-black-nose/" />
<meta property="og:locale" content="da_DK" />
<meta property="og:type" content="article" />
<meta property="og:title" content="Betty - Valais black nose - Stald Hauge" />
<meta property="og:description" content="Betty er født i maj 2021. Hun er ren Valais black nose. Hendes mor hedder Heidi og hendes far hedde Theo. Hun er opdrættet på fyn hos Brian Kristensen Hun flyttede hertil d. 30. april 2023." />
<meta property="og:url" content="https://stald-hauge.dk/index.php/faar/valais-black-nose/betty-valais-black-nose/" />
<meta property="og:site_name" content="Stald Hauge" />
<meta property="article:publisher" content="https://www.facebook.com/lisehauge/" />
<meta property="article:modified_time" content="2024-12-26T17:18:18+00:00" />
<meta property="og:image" content="http://stald-hauge.dk/wp-content/uploads/2024/12/Betty-700x467.jpeg" />
<meta name="twitter:card" content="summary_large_image" />
<script type="application/ld+json" class="yoast-schema-graph">{"@context":"https://schema.org","@graph":[{"@type":"WebPage","@id":"https://stald-hauge.dk/index.php/faar/valais-black-nose/betty-valais-black-nose/","url":"https://stald-hauge.dk/index.php/faar/valais-black-nose/betty-valais-black-nose/","name":"Betty - Valais black nose - Stald Hauge","isPartOf":{"@id":"https://stald-hauge.dk/#website"},"primaryImageOfPage":{"@id":"https://stald-hauge.dk/index.php/faar/valais-black-nose/betty-valais-black-nose/#primaryimage"},"image":{"@id":"https://stald-hauge.dk/index.php/faar/valais-black-nose/betty-valais-black-nose/#primaryimage"},"thumbnailUrl":"http://stald-hauge.dk/wp-content/uploads/2024/12/Betty-700x467.jpeg","datePublished":"2024-08-14T17:31:35+00:00","dateModified":"2024-12-26T17:18:18+00:00","breadcrumb":{"@id":"https://stald-hauge.dk/index.php/faar/valais-black-nose/betty-valais-black-nose/#breadcrumb"},"inLanguage":"da-DK","potentialAction":[{"@type":"ReadAction","target":["https://stald-hauge.dk/index.php/faar/valais-black-nose/betty-valais-black-nose/"]}]},{"@type":"ImageObject","inLanguage":"da-DK","@id":"https://stald-hauge.dk/index.php/faar/valais-black-nose/betty-valais-black-nose/#primaryimage","url":"http://stald-hauge.dk/wp-content/uploads/2024/12/Betty.jpeg","contentUrl":"http://stald-hauge.dk/wp-content/uploads/2024/12/Betty.jpeg","width":768,"height":512},{"@type":"BreadcrumbList","@id":"https://stald-hauge.dk/index.php/faar/valais-black-nose/betty-valais-black-nose/#breadcrumb","itemListElement":[{"@type":"ListItem","position":1,"name":"Hjem","item":"https://stald-hauge.dk/"},{"@type":"ListItem","position":2,"name":"Får","item":"http://stald-hauge.dk/index.php/faar/"},{"@type":"ListItem","position":3,"name":"Valais Black Nose","item":"http://stald-hauge.dk/index.php/faar/valais-black-nose/"},{"@type":"ListItem","position":4,"name":"Betty &#8211; Valais black nose"}]},{"@type":"WebSite","@id":"https://stald-hauge.dk/#website","url":"https://stald-hauge.dk/","name":"Stald Hauge","description":"v/Lise Hauge Sørensen","publisher":{"@id":"https://stald-hauge.dk/#/schema/person/5e9342de63bcc5037d653908c024bc01"},"potentialAction":[{"@type":"SearchAction","target":{"@type":"EntryPoint","urlTemplate":"https://stald-hauge.dk/?s={search_term_string}"},"query-input":{"@type":"PropertyValueSpecification","valueRequired":true,"valueName":"search_term_string"}}],"inLanguage":"da-DK"},{"@type":["Person","Organization"],"@id":"https://stald-hauge.dk/#/schema/person/5e9342de63bcc5037d653908c024bc01","name":"admin","image":{"@type":"ImageObject","inLanguage":"da-DK","@id":"https://stald-hauge.dk/#/schema/person/image/","url":"https://secure.gravatar.com/avatar/cb52025513d5b4d5bf079f09f5aae21c223852877c5a747e37ab431711bb309d?s=96&d=mm&r=g","contentUrl":"https://secure.gravatar.com/avatar/cb52025513d5b4d5bf079f09f5aae21c223852877c5a747e37ab431711bb309d?s=96&d=mm&r=g","caption":"admin"},"logo":{"@id":"https://stald-hauge.dk/#/schema/person/image/"},"sameAs":["http://stald-hauge.dk","https://www.facebook.com/lisehauge/"]}]}</script>
<!-- / Yoast SEO plugin. -->

Betty er født i maj 2021. Hun er ren Valais black nose. Hendes mor hedder Heidi og hendes far hedde Theo. Hun er opdrættet på fyn hos Brian Kristensen Hun flyttede hertil d. 30. april 2023.

Får

v/Lise Hauge Sørensen
