{"id":94,"date":"2024-08-14T18:23:24","date_gmt":"2024-08-14T18:23:24","guid":{"rendered":"https:\/\/stald-hauge.dk\/?page_id=94"},"modified":"2025-01-01T18:30:13","modified_gmt":"2025-01-01T18:30:13","slug":"2021-hauges-fileika","status":"publish","type":"page","link":"http:\/\/stald-hauge.dk\/index.php\/heste\/foel-shetlandspony\/2021-hauges-fileika\/","title":{"rendered":"2021 &#8211; Hauge\u00b4s Fileika"},"content":{"rendered":"<p style=\"text-align: center;\"><strong>Hauge\u00b4s Fileika<\/strong><\/p>\n<p style=\"text-align: center;\"><img loading=\"lazy\" decoding=\"async\" class=\"alignnone size-large wp-image-3323\" src=\"http:\/\/stald-hauge.dk\/wp-content\/uploads\/2024\/12\/Fileika-700x467.jpg\" alt=\"\" width=\"640\" height=\"427\" srcset=\"http:\/\/stald-hauge.dk\/wp-content\/uploads\/2024\/12\/Fileika-700x467.jpg 700w, http:\/\/stald-hauge.dk\/wp-content\/uploads\/2024\/12\/Fileika-300x200.jpg 300w, http:\/\/stald-hauge.dk\/wp-content\/uploads\/2024\/12\/Fileika.jpg 768w\" sizes=\"auto, (max-width: 640px) 100vw, 640px\" \/><\/p>\n<p style=\"text-align: center;\">F\u00f8dt: 03.06.2021<\/p>\n<p style=\"text-align: center;\">H\u00f8jde: 45 cm ved f\u00f8dsel<\/p>\n<p style=\"text-align: center;\">Farve: sort eller smokey black, mulig b\u00e6rer af mushroom.<\/p>\n<p style=\"text-align: center;\">Mor: Pindstruphavens Silverbelle, silverdapple<\/p>\n<p style=\"text-align: center;\">Mormor: Amber v. Brummelshof, mushroom<\/p>\n<p style=\"text-align: center;\">Morfar: Silver, Silverdapple<\/p>\n<p style=\"text-align: center;\">Far: Hugo, palomino appaloosa, 80 cm<\/p>\n<p style=\"text-align: center;\">Farmor: Donna, smokey black<\/p>\n<p style=\"text-align: center;\">Farfar:\u00a0Mowgli, r\u00f8d knapstrupper<\/p>\n<p style=\"text-align: center;\"><img loading=\"lazy\" decoding=\"async\" class=\"alignnone size-full wp-image-3327\" src=\"http:\/\/stald-hauge.dk\/wp-content\/uploads\/2024\/12\/Fileika4.jpg\" alt=\"\" width=\"300\" height=\"200\" \/> <img loading=\"lazy\" decoding=\"async\" class=\"alignnone size-full wp-image-3325\" src=\"http:\/\/stald-hauge.dk\/wp-content\/uploads\/2024\/12\/Fileika2.jpg\" alt=\"\" width=\"300\" height=\"200\" \/> <img loading=\"lazy\" decoding=\"async\" class=\"alignnone size-full wp-image-3326\" src=\"http:\/\/stald-hauge.dk\/wp-content\/uploads\/2024\/12\/Fileika3.jpg\" alt=\"\" width=\"300\" height=\"200\" \/> <img loading=\"lazy\" decoding=\"async\" class=\"alignnone size-full wp-image-3324\" src=\"http:\/\/stald-hauge.dk\/wp-content\/uploads\/2024\/12\/Fileika1.jpg\" alt=\"\" width=\"300\" height=\"200\" \/><\/p>\n","protected":false},"excerpt":{"rendered":"<p>Hauge\u00b4s Fileika F\u00f8dt: 03.06.2021 H\u00f8jde: 45 cm ved f\u00f8dsel Farve: sort eller smokey black, mulig b\u00e6rer af mushroom. Mor: Pindstruphavens Silverbelle, silverdapple Mormor: Amber v. Brummelshof, mushroom Morfar: Silver, Silverdapple Far: Hugo, palomino appaloosa, 80 cm Farmor: Donna, smokey black &hellip; <a href=\"http:\/\/stald-hauge.dk\/index.php\/heste\/foel-shetlandspony\/2021-hauges-fileika\/\">L\u00e6s resten <span class=\"meta-nav\">&rarr;<\/span><\/a><\/p>\n","protected":false},"author":1,"featured_media":0,"parent":72,"menu_order":0,"comment_status":"closed","ping_status":"closed","template":"onecolumn-page.php","meta":{"footnotes":""},"class_list":["post-94","page","type-page","status-publish","hentry"],"yoast_head":"<!-- This site is optimized with the Yoast SEO plugin v25.3.1 - https:\/\/yoast.com\/wordpress\/plugins\/seo\/ -->\n<title>2021 - Hauge\u00b4s Fileika - Stald Hauge<\/title>\n<meta name=\"robots\" content=\"index, follow, max-snippet:-1, max-image-preview:large, max-video-preview:-1\" \/>\n<link rel=\"canonical\" href=\"https:\/\/stald-hauge.dk\/index.php\/heste\/foel-shetlandspony\/2021-hauges-fileika\/\" \/>\n<meta property=\"og:locale\" content=\"da_DK\" \/>\n<meta property=\"og:type\" content=\"article\" \/>\n<meta property=\"og:title\" content=\"2021 - Hauge\u00b4s Fileika - Stald Hauge\" \/>\n<meta property=\"og:description\" content=\"Hauge\u00b4s Fileika F\u00f8dt: 03.06.2021 H\u00f8jde: 45 cm ved f\u00f8dsel Farve: sort eller smokey black, mulig b\u00e6rer af mushroom. Mor: Pindstruphavens Silverbelle, silverdapple Mormor: Amber v. Brummelshof, mushroom Morfar: Silver, Silverdapple Far: Hugo, palomino appaloosa, 80 cm Farmor: Donna, smokey black &hellip; L\u00e6s resten &rarr;\" \/>\n<meta property=\"og:url\" content=\"https:\/\/stald-hauge.dk\/index.php\/heste\/foel-shetlandspony\/2021-hauges-fileika\/\" \/>\n<meta property=\"og:site_name\" content=\"Stald Hauge\" \/>\n<meta property=\"article:publisher\" content=\"https:\/\/www.facebook.com\/lisehauge\/\" \/>\n<meta property=\"article:modified_time\" content=\"2025-01-01T18:30:13+00:00\" \/>\n<meta property=\"og:image\" content=\"http:\/\/stald-hauge.dk\/wp-content\/uploads\/2024\/12\/Fileika-700x467.jpg\" \/>\n<meta name=\"twitter:card\" content=\"summary_large_image\" \/>\n<script type=\"application\/ld+json\" class=\"yoast-schema-graph\">{\"@context\":\"https:\/\/schema.org\",\"@graph\":[{\"@type\":\"WebPage\",\"@id\":\"https:\/\/stald-hauge.dk\/index.php\/heste\/foel-shetlandspony\/2021-hauges-fileika\/\",\"url\":\"https:\/\/stald-hauge.dk\/index.php\/heste\/foel-shetlandspony\/2021-hauges-fileika\/\",\"name\":\"2021 - Hauge\u00b4s Fileika - Stald Hauge\",\"isPartOf\":{\"@id\":\"https:\/\/stald-hauge.dk\/#website\"},\"primaryImageOfPage\":{\"@id\":\"https:\/\/stald-hauge.dk\/index.php\/heste\/foel-shetlandspony\/2021-hauges-fileika\/#primaryimage\"},\"image\":{\"@id\":\"https:\/\/stald-hauge.dk\/index.php\/heste\/foel-shetlandspony\/2021-hauges-fileika\/#primaryimage\"},\"thumbnailUrl\":\"http:\/\/stald-hauge.dk\/wp-content\/uploads\/2024\/12\/Fileika-700x467.jpg\",\"datePublished\":\"2024-08-14T18:23:24+00:00\",\"dateModified\":\"2025-01-01T18:30:13+00:00\",\"breadcrumb\":{\"@id\":\"https:\/\/stald-hauge.dk\/index.php\/heste\/foel-shetlandspony\/2021-hauges-fileika\/#breadcrumb\"},\"inLanguage\":\"da-DK\",\"potentialAction\":[{\"@type\":\"ReadAction\",\"target\":[\"https:\/\/stald-hauge.dk\/index.php\/heste\/foel-shetlandspony\/2021-hauges-fileika\/\"]}]},{\"@type\":\"ImageObject\",\"inLanguage\":\"da-DK\",\"@id\":\"https:\/\/stald-hauge.dk\/index.php\/heste\/foel-shetlandspony\/2021-hauges-fileika\/#primaryimage\",\"url\":\"http:\/\/stald-hauge.dk\/wp-content\/uploads\/2024\/12\/Fileika.jpg\",\"contentUrl\":\"http:\/\/stald-hauge.dk\/wp-content\/uploads\/2024\/12\/Fileika.jpg\",\"width\":768,\"height\":512},{\"@type\":\"BreadcrumbList\",\"@id\":\"https:\/\/stald-hauge.dk\/index.php\/heste\/foel-shetlandspony\/2021-hauges-fileika\/#breadcrumb\",\"itemListElement\":[{\"@type\":\"ListItem\",\"position\":1,\"name\":\"Hjem\",\"item\":\"https:\/\/stald-hauge.dk\/\"},{\"@type\":\"ListItem\",\"position\":2,\"name\":\"Heste\",\"item\":\"http:\/\/stald-hauge.dk\/index.php\/heste\/\"},{\"@type\":\"ListItem\",\"position\":3,\"name\":\"F\u00f8l Shetlandspony\",\"item\":\"http:\/\/stald-hauge.dk\/index.php\/heste\/foel-shetlandspony\/\"},{\"@type\":\"ListItem\",\"position\":4,\"name\":\"2021 &#8211; Hauge\u00b4s Fileika\"}]},{\"@type\":\"WebSite\",\"@id\":\"https:\/\/stald-hauge.dk\/#website\",\"url\":\"https:\/\/stald-hauge.dk\/\",\"name\":\"Stald Hauge\",\"description\":\"v\/Lise Hauge S\u00f8rensen\",\"publisher\":{\"@id\":\"https:\/\/stald-hauge.dk\/#\/schema\/person\/5e9342de63bcc5037d653908c024bc01\"},\"potentialAction\":[{\"@type\":\"SearchAction\",\"target\":{\"@type\":\"EntryPoint\",\"urlTemplate\":\"https:\/\/stald-hauge.dk\/?s={search_term_string}\"},\"query-input\":{\"@type\":\"PropertyValueSpecification\",\"valueRequired\":true,\"valueName\":\"search_term_string\"}}],\"inLanguage\":\"da-DK\"},{\"@type\":[\"Person\",\"Organization\"],\"@id\":\"https:\/\/stald-hauge.dk\/#\/schema\/person\/5e9342de63bcc5037d653908c024bc01\",\"name\":\"admin\",\"image\":{\"@type\":\"ImageObject\",\"inLanguage\":\"da-DK\",\"@id\":\"https:\/\/stald-hauge.dk\/#\/schema\/person\/image\/\",\"url\":\"https:\/\/secure.gravatar.com\/avatar\/cb52025513d5b4d5bf079f09f5aae21c223852877c5a747e37ab431711bb309d?s=96&d=mm&r=g\",\"contentUrl\":\"https:\/\/secure.gravatar.com\/avatar\/cb52025513d5b4d5bf079f09f5aae21c223852877c5a747e37ab431711bb309d?s=96&d=mm&r=g\",\"caption\":\"admin\"},\"logo\":{\"@id\":\"https:\/\/stald-hauge.dk\/#\/schema\/person\/image\/\"},\"sameAs\":[\"http:\/\/stald-hauge.dk\",\"https:\/\/www.facebook.com\/lisehauge\/\"]}]}<\/script>\n<!-- \/ Yoast SEO plugin. -->","yoast_head_json":{"title":"2021 - Hauge\u00b4s Fileika - Stald Hauge","robots":{"index":"index","follow":"follow","max-snippet":"max-snippet:-1","max-image-preview":"max-image-preview:large","max-video-preview":"max-video-preview:-1"},"canonical":"https:\/\/stald-hauge.dk\/index.php\/heste\/foel-shetlandspony\/2021-hauges-fileika\/","og_locale":"da_DK","og_type":"article","og_title":"2021 - Hauge\u00b4s Fileika - Stald Hauge","og_description":"Hauge\u00b4s Fileika F\u00f8dt: 03.06.2021 H\u00f8jde: 45 cm ved f\u00f8dsel Farve: sort eller smokey black, mulig b\u00e6rer af mushroom. Mor: Pindstruphavens Silverbelle, silverdapple Mormor: Amber v. Brummelshof, mushroom Morfar: Silver, Silverdapple Far: Hugo, palomino appaloosa, 80 cm Farmor: Donna, smokey black &hellip; L\u00e6s resten &rarr;","og_url":"https:\/\/stald-hauge.dk\/index.php\/heste\/foel-shetlandspony\/2021-hauges-fileika\/","og_site_name":"Stald Hauge","article_publisher":"https:\/\/www.facebook.com\/lisehauge\/","article_modified_time":"2025-01-01T18:30:13+00:00","og_image":[{"url":"http:\/\/stald-hauge.dk\/wp-content\/uploads\/2024\/12\/Fileika-700x467.jpg","type":"","width":"","height":""}],"twitter_card":"summary_large_image","schema":{"@context":"https:\/\/schema.org","@graph":[{"@type":"WebPage","@id":"https:\/\/stald-hauge.dk\/index.php\/heste\/foel-shetlandspony\/2021-hauges-fileika\/","url":"https:\/\/stald-hauge.dk\/index.php\/heste\/foel-shetlandspony\/2021-hauges-fileika\/","name":"2021 - Hauge\u00b4s Fileika - Stald Hauge","isPartOf":{"@id":"https:\/\/stald-hauge.dk\/#website"},"primaryImageOfPage":{"@id":"https:\/\/stald-hauge.dk\/index.php\/heste\/foel-shetlandspony\/2021-hauges-fileika\/#primaryimage"},"image":{"@id":"https:\/\/stald-hauge.dk\/index.php\/heste\/foel-shetlandspony\/2021-hauges-fileika\/#primaryimage"},"thumbnailUrl":"http:\/\/stald-hauge.dk\/wp-content\/uploads\/2024\/12\/Fileika-700x467.jpg","datePublished":"2024-08-14T18:23:24+00:00","dateModified":"2025-01-01T18:30:13+00:00","breadcrumb":{"@id":"https:\/\/stald-hauge.dk\/index.php\/heste\/foel-shetlandspony\/2021-hauges-fileika\/#breadcrumb"},"inLanguage":"da-DK","potentialAction":[{"@type":"ReadAction","target":["https:\/\/stald-hauge.dk\/index.php\/heste\/foel-shetlandspony\/2021-hauges-fileika\/"]}]},{"@type":"ImageObject","inLanguage":"da-DK","@id":"https:\/\/stald-hauge.dk\/index.php\/heste\/foel-shetlandspony\/2021-hauges-fileika\/#primaryimage","url":"http:\/\/stald-hauge.dk\/wp-content\/uploads\/2024\/12\/Fileika.jpg","contentUrl":"http:\/\/stald-hauge.dk\/wp-content\/uploads\/2024\/12\/Fileika.jpg","width":768,"height":512},{"@type":"BreadcrumbList","@id":"https:\/\/stald-hauge.dk\/index.php\/heste\/foel-shetlandspony\/2021-hauges-fileika\/#breadcrumb","itemListElement":[{"@type":"ListItem","position":1,"name":"Hjem","item":"https:\/\/stald-hauge.dk\/"},{"@type":"ListItem","position":2,"name":"Heste","item":"http:\/\/stald-hauge.dk\/index.php\/heste\/"},{"@type":"ListItem","position":3,"name":"F\u00f8l Shetlandspony","item":"http:\/\/stald-hauge.dk\/index.php\/heste\/foel-shetlandspony\/"},{"@type":"ListItem","position":4,"name":"2021 &#8211; Hauge\u00b4s Fileika"}]},{"@type":"WebSite","@id":"https:\/\/stald-hauge.dk\/#website","url":"https:\/\/stald-hauge.dk\/","name":"Stald Hauge","description":"v\/Lise Hauge S\u00f8rensen","publisher":{"@id":"https:\/\/stald-hauge.dk\/#\/schema\/person\/5e9342de63bcc5037d653908c024bc01"},"potentialAction":[{"@type":"SearchAction","target":{"@type":"EntryPoint","urlTemplate":"https:\/\/stald-hauge.dk\/?s={search_term_string}"},"query-input":{"@type":"PropertyValueSpecification","valueRequired":true,"valueName":"search_term_string"}}],"inLanguage":"da-DK"},{"@type":["Person","Organization"],"@id":"https:\/\/stald-hauge.dk\/#\/schema\/person\/5e9342de63bcc5037d653908c024bc01","name":"admin","image":{"@type":"ImageObject","inLanguage":"da-DK","@id":"https:\/\/stald-hauge.dk\/#\/schema\/person\/image\/","url":"https:\/\/secure.gravatar.com\/avatar\/cb52025513d5b4d5bf079f09f5aae21c223852877c5a747e37ab431711bb309d?s=96&d=mm&r=g","contentUrl":"https:\/\/secure.gravatar.com\/avatar\/cb52025513d5b4d5bf079f09f5aae21c223852877c5a747e37ab431711bb309d?s=96&d=mm&r=g","caption":"admin"},"logo":{"@id":"https:\/\/stald-hauge.dk\/#\/schema\/person\/image\/"},"sameAs":["http:\/\/stald-hauge.dk","https:\/\/www.facebook.com\/lisehauge\/"]}]}},"_links":{"self":[{"href":"http:\/\/stald-hauge.dk\/index.php\/wp-json\/wp\/v2\/pages\/94","targetHints":{"allow":["GET"]}}],"collection":[{"href":"http:\/\/stald-hauge.dk\/index.php\/wp-json\/wp\/v2\/pages"}],"about":[{"href":"http:\/\/stald-hauge.dk\/index.php\/wp-json\/wp\/v2\/types\/page"}],"author":[{"embeddable":true,"href":"http:\/\/stald-hauge.dk\/index.php\/wp-json\/wp\/v2\/users\/1"}],"replies":[{"embeddable":true,"href":"http:\/\/stald-hauge.dk\/index.php\/wp-json\/wp\/v2\/comments?post=94"}],"version-history":[{"count":3,"href":"http:\/\/stald-hauge.dk\/index.php\/wp-json\/wp\/v2\/pages\/94\/revisions"}],"predecessor-version":[{"id":3572,"href":"http:\/\/stald-hauge.dk\/index.php\/wp-json\/wp\/v2\/pages\/94\/revisions\/3572"}],"up":[{"embeddable":true,"href":"http:\/\/stald-hauge.dk\/index.php\/wp-json\/wp\/v2\/pages\/72"}],"wp:attachment":[{"href":"http:\/\/stald-hauge.dk\/index.php\/wp-json\/wp\/v2\/media?parent=94"}],"curies":[{"name":"wp","href":"https:\/\/api.w.org\/{rel}","templated":true}]}}